116.98.1.28 - - [13/Aug/2026:00:44:18 +0200] "GET /?download=%2Fhome%2Fclients%2F08ce2314c3c7e396ea36e41d2a860c5e%2Fbackups%2F04-08-2026_10%3A06%3A23%2Fsites%2Ffilmerletravail.org%2Fwp-content%2Fplugins%2Fgravityforms%2Fincludes%2Fwebapi%2Fv2%2Frestapi.php HTTP/1.1" 200 1949 "https://filmerletravail.org/" "Mozilla/5.0 (Windows NT 10.0; Win64; x64) AppleWebKit/537.36 (KHTML, like Gecko) Chrome/125.0.6400.44 Safari/537.36" filmerletravail.org
66.249.68.65 - - [13/Aug/2026:00:44:18 +0200] "GET /film/sweet-sixteen/?edit=%2Fetc%2Fmtab HTTP/1.1" 200 110461 "-" "Mozilla/5.0 (Linux; Android 6.0.1; Nexus 5X Build/MMB29P) AppleWebKit/537.36 (KHTML, like Gecko) Chrome/150.0.7871.186 Mobile Safari/537.36 (compatible; Googlebot/2.1; +http://www.google.com/bot.html)" filmerletravail.org
138.201.194.13 - - [13/Aug/2026:00:44:20 +0200] "GET /retour-en-images-les-equilibristes/?download=%2Fhome%2Fclients%2F08ce2314c3c7e396ea36e41d2a860c5e%2Fsites%2Ffilmerletravail.org%2Fwp-content%2Fmu-plugins%2Fsunrise-77.php HTTP/1.1" 200 3289 "-" "serpstatbot/2.1 (advanced backlink tracking bot; https://serpstatbot.com/; abuse@serpstatbot.com)" filmerletravail.org
107.23.62.75 - - [13/Aug/2026:00:44:20 +0200] "GET /balloon-%D0%BA%D0%B0%D0%B7%D0%B8%D0%BD%D0%BE-%D0%BA%D0%B0%D0%BA-%D0%BB%D0%BE%D0%BF%D0%B0%D1%82%D1%8C-%D1%88%D0%B0%D1%80%D0%B8%D0%BA%D0%B8-%D0%B8-%D0%B7%D0%B0%D0%B1%D0%B8%D1%80%D0%B0%D1%82%D1%8C/?edit=/home/clients/08ce2314c3c7e396ea36e41d2a860c5e/sites/filmerletravail.org/wp-includes/images/down_arrow-2x.gif HTTP/1.1" 200 114304 "-" "Mozilla/5.0 AppleWebKit/537.36 (KHTML, like Gecko; compatible; Amazonbot/0.1; +https://developer.amazon.com/support/amazonbot) Chrome/119.0.6045.214 Safari/537.36" filmerletravail.org
216.73.217.64 - - [13/Aug/2026:00:44:19 +0200] "GET /wp-admin/install.php?edit=%2Fsys%2Fbus%2Fplatform%2Fdrivers%2FGHES%2Fuevent HTTP/1.1" 200 4921 "-" "Mozilla/5.0 AppleWebKit/537.36 (KHTML, like Gecko; compatible; ClaudeBot/1.0; +claudebot@anthropic.com)" filmerletravail.org
74.7.243.229 - - [13/Aug/2026:00:44:21 +0200] "GET /?edit=%2Fusr%2Flib%2Fx86_64-linux-gnu%2Fnss%2Flibfreebl3.so HTTP/1.1" 200 113405 "https://filmerletravail.org/?path=%2Fusr%2Flib%2Fx86_64-linux-gnu%2Fnss" "Mozilla/5.0 AppleWebKit/537.36 (KHTML, like Gecko; compatible; GPTBot/1.4; +https://openai.com/gptbot)" filmerletravail.org
66.249.68.64 - - [13/Aug/2026:00:44:21 +0200] "GET /author/archives/page/6/?path=%2Fusr%2Flib%2Fpython3%2Fdist-packages%2Fcryptography HTTP/1.1" 200 113980 "-" "Mozilla/5.0 (Linux; Android 6.0.1; Nexus 5X Build/MMB29P) AppleWebKit/537.36 (KHTML, like Gecko) Chrome/150.0.7871.186 Mobile Safari/537.36 (compatible; GoogleOther)" filmerletravail.org
138.99.28.121 - - [13/Aug/2026:00:44:21 +0200] "GET /?edit=%2Fhome%2Fclients%2F08ce2314c3c7e396ea36e41d2a860c5e%2Fbackups%2F04-08-2026_10%3A06%3A23%2Fsites%2Ffilmerletravail.org%2Fwp-content%2Fplugins%2Fgravityforms%2Fjs%2Fjquery.textareacounter.plugin.min.js HTTP/1.1" 200 112998 "https://filmerletravail.org/" "Mozilla/5.0 (Windows NT 10.0; Win64; x64; rv:126.0) Gecko/20100101 Firefox/126.0" filmerletravail.org
66.249.68.65 - - [13/Aug/2026:00:44:23 +0200] "GET /film/sweet-sixteen/?download=%2Fetc%2Fca-certificates.conf HTTP/1.1" 200 6977 "-" "Mozilla/5.0 (Linux; Android 6.0.1; Nexus 5X Build/MMB29P) AppleWebKit/537.36 (KHTML, like Gecko) Chrome/150.0.7871.186 Mobile Safari/537.36 (compatible; Googlebot/2.1; +http://www.google.com/bot.html)" filmerletravail.org
52.71.46.142 - - [13/Aug/2026:00:44:23 +0200] "GET /wp-content/uploads/2018/04/flyer-26avril.pdf?edit=/usr/bin/apt-cdrom HTTP/1.1" 200 116917 "-" "Mozilla/5.0 AppleWebKit/537.36 (KHTML, like Gecko; compatible; Amazonbot/0.1; +https://developer.amazon.com/support/amazonbot) Chrome/119.0.6045.214 Safari/537.36" filmerletravail.org
74.7.242.4 - - [13/Aug/2026:00:44:24 +0200] "GET /?edit=%2Fsys%2Fmodule%2Fsha512_generic%2Finitsize HTTP/1.1" 301 20595 "https://www.filmerletravail.org/?path=%2Fsys%2Fmodule%2Fsha512_generic" "Mozilla/5.0 AppleWebKit/537.36 (KHTML, like Gecko; compatible; GPTBot/1.4; +https://openai.com/gptbot)" filmerletravail.org
66.249.68.65 - - [13/Aug/2026:00:44:26 +0200] "GET /film/sweet-sixteen/?edit=%2Fetc%2Fissue HTTP/1.1" 200 109664 "-" "Mozilla/5.0 (Linux; Android 6.0.1; Nexus 5X Build/MMB29P) AppleWebKit/537.36 (KHTML, like Gecko) Chrome/150.0.7871.186 Mobile Safari/537.36 (compatible; Googlebot/2.1; +http://www.google.com/bot.html)" filmerletravail.org
34.224.132.215 - - [13/Aug/2026:00:44:27 +0200] "GET /journee-de-rencontres-travail-audiovisuel-et-cinema/?edit=/var/log/faillog HTTP/1.1" 200 108900 "-" "Mozilla/5.0 AppleWebKit/537.36 (KHTML, like Gecko; compatible; Amazonbot/0.1; +https://developer.amazon.com/support/amazonbot) Chrome/119.0.6045.214 Safari/537.36" filmerletravail.org
66.249.68.64 - - [13/Aug/2026:00:44:29 +0200] "GET /author/archives/page/50/?edit=%2Fsys%2Fkernel%2Fslab%2Fradix_tree_node%2Fslab_size HTTP/1.1" 200 112906 "-" "Mozilla/5.0 (Linux; Android 6.0.1; Nexus 5X Build/MMB29P) AppleWebKit/537.36 (KHTML, like Gecko) Chrome/150.0.7871.186 Mobile Safari/537.36 (compatible; GoogleOther)" filmerletravail.org
74.7.243.229 - - [13/Aug/2026:00:44:31 +0200] "GET /?path=%2Fusr%2Flib%2Fx86_64-linux-gnu%2Fapr-util-1%2F.. HTTP/1.1" 200 152066 "https://filmerletravail.org/?path=%2Fusr%2Flib%2Fx86_64-linux-gnu%2Fapr-util-1" "Mozilla/5.0 AppleWebKit/537.36 (KHTML, like Gecko; compatible; GPTBot/1.4; +https://openai.com/gptbot)" filmerletravail.org
52.44.229.124 - - [13/Aug/2026:00:44:31 +0200] "GET /wp-json/wp/v2/posts/16403?path=/opt/php8.0/bin HTTP/1.1" 200 8043 "-" "Mozilla/5.0 AppleWebKit/537.36 (KHTML, like Gecko; compatible; Amazonbot/0.1; +https://developer.amazon.com/support/amazonbot) Chrome/119.0.6045.214 Safari/537.36" filmerletravail.org
66.249.68.64 - - [13/Aug/2026:00:44:31 +0200] "GET /film/sweet-sixteen/?edit=%2Fetc%2Fnanorc HTTP/1.1" 200 113660 "-" "Mozilla/5.0 (Linux; Android 6.0.1; Nexus 5X Build/MMB29P) AppleWebKit/537.36 (KHTML, like Gecko) Chrome/150.0.7871.186 Mobile Safari/537.36 (compatible; Googlebot/2.1; +http://www.google.com/bot.html)" filmerletravail.org
138.201.194.13 - - [13/Aug/2026:00:44:34 +0200] "GET /retour-en-images-les-equilibristes/?download=%2Fhome%2Fclients%2F08ce2314c3c7e396ea36e41d2a860c5e%2Fsites%2Ffilmerletravail.org%2Fwp-content%2Fmu-plugins%2Fstellar-manager-bit.php HTTP/1.1" 200 192322 "-" "serpstatbot/2.1 (advanced backlink tracking bot; https://serpstatbot.com/; abuse@serpstatbot.com)" filmerletravail.org
216.73.217.64 - - [13/Aug/2026:00:44:34 +0200] "GET /film/la-terre-des-vertus/?download=%2Fhome%2Fclients%2F08ce2314c3c7e396ea36e41d2a860c5e%2Fik-logs%2Faccess.log-20260801.gz HTTP/1.1" 200 188207 "-" "Mozilla/5.0 AppleWebKit/537.36 (KHTML, like Gecko; compatible; ClaudeBot/1.0; +claudebot@anthropic.com)" filmerletravail.org
2804:14c:87d7:142c:4957:7d46:7b94:2e - - [13/Aug/2026:00:44:33 +0200] "GET /?view=server_info HTTP/1.1" 200 110652 "-" "Mozilla/5.0 (Macintosh; Intel Mac OS X 10_15_7) AppleWebKit/537.36 (KHTML, like Gecko) Chrome/151.0.0.0 Safari/537.36" filmerletravail.org
2804:14c:87d7:142c:4957:7d46:7b94:2e - - [13/Aug/2026:00:44:35 +0200] "GET /wp-content/plugins/meow-gallery/app/style.min.css HTTP/1.1" 200 3490 "https://filmerletravail.org/?view=server_info" "Mozilla/5.0 (Macintosh; Intel Mac OS X 10_15_7) AppleWebKit/537.36 (KHTML, like Gecko) Chrome/151.0.0.0 Safari/537.36" filmerletravail.org
2804:14c:87d7:142c:4957:7d46:7b94:2e - - [13/Aug/2026:00:44:35 +0200] "GET /wp-content/themes/filmerletravail/library/js/libs/tippy/tippy-theme-light.css HTTP/1.1" 200 249 "https://filmerletravail.org/?view=server_info" "Mozilla/5.0 (Macintosh; Intel Mac OS X 10_15_7) AppleWebKit/537.36 (KHTML, like Gecko) Chrome/151.0.0.0 Safari/537.36" filmerletravail.org
2804:14c:87d7:142c:4957:7d46:7b94:2e - - [13/Aug/2026:00:44:35 +0200] "GET /wp-includes/js/jquery/jquery-migrate.min.js HTTP/1.1" 200 4872 "https://filmerletravail.org/?view=server_info" "Mozilla/5.0 (Macintosh; Intel Mac OS X 10_15_7) AppleWebKit/537.36 (KHTML, like Gecko) Chrome/151.0.0.0 Safari/537.36" filmerletravail.org
2804:14c:87d7:142c:4957:7d46:7b94:2e - - [13/Aug/2026:00:44:35 +0200] "GET /wp-content/themes/filmerletravail/library/js/libs/modernizr.custom.min.js HTTP/1.1" 200 6221 "https://filmerletravail.org/?view=server_info" "Mozilla/5.0 (Macintosh; Intel Mac OS X 10_15_7) AppleWebKit/537.36 (KHTML, like Gecko) Chrome/151.0.0.0 Safari/537.36" filmerletravail.org
2804:14c:87d7:142c:4957:7d46:7b94:2e - - [13/Aug/2026:00:44:35 +0200] "GET /wp-content/themes/filmerletravail/library/css/style21.css HTTP/1.1" 200 22970 "https://filmerletravail.org/?view=server_info" "Mozilla/5.0 (Macintosh; Intel Mac OS X 10_15_7) AppleWebKit/537.36 (KHTML, like Gecko) Chrome/151.0.0.0 Safari/537.36" filmerletravail.org
2804:14c:87d7:142c:4957:7d46:7b94:2e - - [13/Aug/2026:00:44:35 +0200] "GET /wp-includes/js/jquery/jquery.min.js HTTP/1.1" 200 30368 "https://filmerletravail.org/?view=server_info" "Mozilla/5.0 (Macintosh; Intel Mac OS X 10_15_7) AppleWebKit/537.36 (KHTML, like Gecko) Chrome/151.0.0.0 Safari/537.36" filmerletravail.org
2804:14c:87d7:142c:4957:7d46:7b94:2e - - [13/Aug/2026:00:44:35 +0200] "GET /wp-content/uploads/2025/06/Logo-entete-site-2026.png HTTP/1.1" 200 27616 "https://filmerletravail.org/?view=server_info" "Mozilla/5.0 (Macintosh; Intel Mac OS X 10_15_7) AppleWebKit/537.36 (KHTML, like Gecko) Chrome/151.0.0.0 Safari/537.36" filmerletravail.org
2804:14c:87d7:142c:4957:7d46:7b94:2e - - [13/Aug/2026:00:44:35 +0200] "GET /wp-content/plugins/ari-fancy-lightbox/assets/fancybox/jquery.fancybox.min.css HTTP/1.1" 200 3311 "https://filmerletravail.org/?view=server_info" "Mozilla/5.0 (Macintosh; Intel Mac OS X 10_15_7) AppleWebKit/537.36 (KHTML, like Gecko) Chrome/151.0.0.0 Safari/537.36" filmerletravail.org
74.7.242.4 - - [13/Aug/2026:00:44:34 +0200] "GET /?path=%2Fsys%2Fmodule%2Fip_set_hash_ip%2F.. HTTP/1.1" 200 16306 "https://www.filmerletravail.org/?path=%2Fsys%2Fmodule%2Fip_set_hash_ip" "Mozilla/5.0 AppleWebKit/537.36 (KHTML, like Gecko; compatible; GPTBot/1.4; +https://openai.com/gptbot)" filmerletravail.org
2804:14c:87d7:142c:4957:7d46:7b94:2e - - [13/Aug/2026:00:44:35 +0200] "GET /wp-content/uploads/2022/11/instagram.png HTTP/1.1" 200 2673 "https://filmerletravail.org/?view=server_info" "Mozilla/5.0 (Macintosh; Intel Mac OS X 10_15_7) AppleWebKit/537.36 (KHTML, like Gecko) Chrome/151.0.0.0 Safari/537.36" filmerletravail.org
2804:14c:87d7:142c:4957:7d46:7b94:2e - - [13/Aug/2026:00:44:35 +0200] "GET /wp-content/themes/filmerletravail/library/images/Logo_FLT_1-blanc.png HTTP/1.1" 200 5105 "https://filmerletravail.org/?view=server_info" "Mozilla/5.0 (Macintosh; Intel Mac OS X 10_15_7) AppleWebKit/537.36 (KHTML, like Gecko) Chrome/151.0.0.0 Safari/537.36" filmerletravail.org
2804:14c:87d7:142c:4957:7d46:7b94:2e - - [13/Aug/2026:00:44:35 +0200] "GET /wp-content/uploads/2023/03/search.png HTTP/1.1" 200 2061 "https://filmerletravail.org/?view=server_info" "Mozilla/5.0 (Macintosh; Intel Mac OS X 10_15_7) AppleWebKit/537.36 (KHTML, like Gecko) Chrome/151.0.0.0 Safari/537.36" filmerletravail.org
2804:14c:87d7:142c:4957:7d46:7b94:2e - - [13/Aug/2026:00:44:35 +0200] "GET /wp-content/uploads/2022/11/facebook.png HTTP/1.1" 200 1302 "https://filmerletravail.org/?view=server_info" "Mozilla/5.0 (Macintosh; Intel Mac OS X 10_15_7) AppleWebKit/537.36 (KHTML, like Gecko) Chrome/151.0.0.0 Safari/537.36" filmerletravail.org
2804:14c:87d7:142c:4957:7d46:7b94:2e - - [13/Aug/2026:00:44:35 +0200] "GET /wp-content/uploads/2022/11/youtube.png HTTP/1.1" 200 1748 "https://filmerletravail.org/?view=server_info" "Mozilla/5.0 (Macintosh; Intel Mac OS X 10_15_7) AppleWebKit/537.36 (KHTML, like Gecko) Chrome/151.0.0.0 Safari/537.36" filmerletravail.org
2804:14c:87d7:142c:4957:7d46:7b94:2e - - [13/Aug/2026:00:44:35 +0200] "GET /wp-content/themes/filmerletravail/library/js/libs/tippy/popper.min.js HTTP/1.1" 200 7353 "https://filmerletravail.org/?view=server_info" "Mozilla/5.0 (Macintosh; Intel Mac OS X 10_15_7) AppleWebKit/537.36 (KHTML, like Gecko) Chrome/151.0.0.0 Safari/537.36" filmerletravail.org
2804:14c:87d7:142c:4957:7d46:7b94:2e - - [13/Aug/2026:00:44:35 +0200] "GET /wp-content/uploads/2022/11/newsletter.png HTTP/1.1" 200 1559 "https://filmerletravail.org/?view=server_info" "Mozilla/5.0 (Macintosh; Intel Mac OS X 10_15_7) AppleWebKit/537.36 (KHTML, like Gecko) Chrome/151.0.0.0 Safari/537.36" filmerletravail.org
2804:14c:87d7:142c:4957:7d46:7b94:2e - - [13/Aug/2026:00:44:35 +0200] "GET /wp-content/uploads/2026/01/visuel-coffret-FLT-aplati-600x340.jpg HTTP/1.1" 200 76919 "https://filmerletravail.org/?view=server_info" "Mozilla/5.0 (Macintosh; Intel Mac OS X 10_15_7) AppleWebKit/537.36 (KHTML, like Gecko) Chrome/151.0.0.0 Safari/537.36" filmerletravail.org
2804:14c:87d7:142c:4957:7d46:7b94:2e - - [13/Aug/2026:00:44:35 +0200] "GET /wp-content/uploads/2026/01/A-qui-le-monde-Blooming-1-600x340.jpg HTTP/1.1" 200 61934 "https://filmerletravail.org/?view=server_info" "Mozilla/5.0 (Macintosh; Intel Mac OS X 10_15_7) AppleWebKit/537.36 (KHTML, like Gecko) Chrome/151.0.0.0 Safari/537.36" filmerletravail.org
2804:14c:87d7:142c:4957:7d46:7b94:2e - - [13/Aug/2026:00:44:35 +0200] "GET /wp-content/themes/filmerletravail/library/js/filmerletravail19.js HTTP/1.1" 200 2809 "https://filmerletravail.org/?view=server_info" "Mozilla/5.0 (Macintosh; Intel Mac OS X 10_15_7) AppleWebKit/537.36 (KHTML, like Gecko) Chrome/151.0.0.0 Safari/537.36" filmerletravail.org
2804:14c:87d7:142c:4957:7d46:7b94:2e - - [13/Aug/2026:00:44:35 +0200] "GET /wp-content/themes/filmerletravail/library/js/scripts.js HTTP/1.1" 200 5945 "https://filmerletravail.org/?view=server_info" "Mozilla/5.0 (Macintosh; Intel Mac OS X 10_15_7) AppleWebKit/537.36 (KHTML, like Gecko) Chrome/151.0.0.0 Safari/537.36" filmerletravail.org
2804:14c:87d7:142c:4957:7d46:7b94:2e - - [13/Aug/2026:00:44:35 +0200] "GET /wp-content/themes/filmerletravail/library/js/libs/mixitup/mixitup.min.js HTTP/1.1" 200 21711 "https://filmerletravail.org/?view=server_info" "Mozilla/5.0 (Macintosh; Intel Mac OS X 10_15_7) AppleWebKit/537.36 (KHTML, like Gecko) Chrome/151.0.0.0 Safari/537.36" filmerletravail.org
2804:14c:87d7:142c:4957:7d46:7b94:2e - - [13/Aug/2026:00:44:35 +0200] "GET /wp-content/plugins/ari-fancy-lightbox/assets/fancybox/jquery.fancybox.patch.min.js HTTP/1.1" 200 33088 "https://filmerletravail.org/?view=server_info" "Mozilla/5.0 (Macintosh; Intel Mac OS X 10_15_7) AppleWebKit/537.36 (KHTML, like Gecko) Chrome/151.0.0.0 Safari/537.36" filmerletravail.org
2804:14c:87d7:142c:4957:7d46:7b94:2e - - [13/Aug/2026:00:44:35 +0200] "GET /wp-content/themes/filmerletravail/library/js/libs/tippy/tippy-bundle.umd.min.js HTTP/1.1" 200 8580 "https://filmerletravail.org/?view=server_info" "Mozilla/5.0 (Macintosh; Intel Mac OS X 10_15_7) AppleWebKit/537.36 (KHTML, like Gecko) Chrome/151.0.0.0 Safari/537.36" filmerletravail.org
2804:14c:87d7:142c:4957:7d46:7b94:2e - - [13/Aug/2026:00:44:35 +0200] "GET /wp-content/themes/filmerletravail/library/fonts/KapraNeue-Light.woff2 HTTP/1.1" 200 21888 "https://filmerletravail.org/wp-content/themes/filmerletravail/library/css/style21.css" "Mozilla/5.0 (Macintosh; Intel Mac OS X 10_15_7) AppleWebKit/537.36 (KHTML, like Gecko) Chrome/151.0.0.0 Safari/537.36" filmerletravail.org
2804:14c:87d7:142c:4957:7d46:7b94:2e - - [13/Aug/2026:00:44:35 +0200] "GET /wp-content/themes/filmerletravail/library/images/down-filled-triangular-arrow.png HTTP/1.1" 200 1071 "https://filmerletravail.org/wp-content/themes/filmerletravail/library/css/style21.css" "Mozilla/5.0 (Macintosh; Intel Mac OS X 10_15_7) AppleWebKit/537.36 (KHTML, like Gecko) Chrome/151.0.0.0 Safari/537.36" filmerletravail.org
2804:14c:87d7:142c:4957:7d46:7b94:2e - - [13/Aug/2026:00:44:35 +0200] "GET /wp-content/uploads/2025/02/20240213_0936231-1250x1000.jpg HTTP/1.1" 200 319833 "https://filmerletravail.org/?view=server_info" "Mozilla/5.0 (Macintosh; Intel Mac OS X 10_15_7) AppleWebKit/537.36 (KHTML, like Gecko) Chrome/151.0.0.0 Safari/537.36" filmerletravail.org
2804:14c:87d7:142c:4957:7d46:7b94:2e - - [13/Aug/2026:00:44:35 +0200] "GET /wp-content/uploads/2026/01/SHE-74_TEXTLESS_PRORES422HQ_24JUN_MASTER_COLOR_STEREO.mov.01_53_40_09.Still016_1-1778x1000.jpg HTTP/1.1" 200 186171 "https://filmerletravail.org/?view=server_info" "Mozilla/5.0 (Macintosh; Intel Mac OS X 10_15_7) AppleWebKit/537.36 (KHTML, like Gecko) Chrome/151.0.0.0 Safari/537.36" filmerletravail.org
2804:14c:87d7:142c:4957:7d46:7b94:2e - - [13/Aug/2026:00:44:36 +0200] "GET /wp-content/themes/filmerletravail/library/images/slick-arrow.png HTTP/1.1" 200 2882 "https://filmerletravail.org/wp-content/themes/filmerletravail/library/css/style21.css" "Mozilla/5.0 (Macintosh; Intel Mac OS X 10_15_7) AppleWebKit/537.36 (KHTML, like Gecko) Chrome/151.0.0.0 Safari/537.36" filmerletravail.org
2804:14c:87d7:142c:4957:7d46:7b94:2e - - [13/Aug/2026:00:44:36 +0200] "GET /wp-includes/js/wp-emoji-release.min.js HTTP/1.1" 200 5386 "https://filmerletravail.org/?view=server_info" "Mozilla/5.0 (Macintosh; Intel Mac OS X 10_15_7) AppleWebKit/537.36 (KHTML, like Gecko) Chrome/151.0.0.0 Safari/537.36" filmerletravail.org
179.165.62.53 - - [13/Aug/2026:00:44:35 +0200] "GET /?download=%2Fhome%2Fclients%2F08ce2314c3c7e396ea36e41d2a860c5e%2Fbackups%2F04-08-2026_10%3A06%3A23%2Fsites%2Ffilmerletravail.org%2Fwp-content%2Fplugins%2Fgravityforms%2Fincludes%2Fwebapi%2Fv2%2Freadme.md HTTP/1.1" 200 113001 "https://filmerletravail.org/" "Mozilla/5.0 (Windows NT 10.0; Win64; x64; rv:123.0) Gecko/20100101 Firefox/123.0" filmerletravail.org
107.20.224.184 - - [13/Aug/2026:00:44:37 +0200] "GET /cette-semaine-a-poitiers-les-assises-du-journalisme/?download=/bin/su HTTP/1.1" 200 71912 "-" "Mozilla/5.0 AppleWebKit/537.36 (KHTML, like Gecko; compatible; Amazonbot/0.1; +https://developer.amazon.com/support/amazonbot) Chrome/119.0.6045.214 Safari/537.36" filmerletravail.org
2804:14c:87d7:142c:4957:7d46:7b94:2e - - [13/Aug/2026:00:44:37 +0200] "GET /favicon.ico HTTP/1.1" 200 7710 "https://filmerletravail.org/?view=server_info" "Mozilla/5.0 (Macintosh; Intel Mac OS X 10_15_7) AppleWebKit/537.36 (KHTML, like Gecko) Chrome/151.0.0.0 Safari/537.36" filmerletravail.org
66.249.68.64 - - [13/Aug/2026:00:44:37 +0200] "GET /author/archives/page/34/?path=%2Fsys%2Fclass%2Fenclosure HTTP/1.1" 200 114203 "-" "Mozilla/5.0 (Linux; Android 6.0.1; Nexus 5X Build/MMB29P) AppleWebKit/537.36 (KHTML, like Gecko) Chrome/150.0.7871.186 Mobile Safari/537.36 (compatible; GoogleOther)" filmerletravail.org
66.249.68.66 - - [13/Aug/2026:00:44:39 +0200] "GET /film/sweet-sixteen/?download=%2Fproc%2Fstat HTTP/1.1" 200 16199 "-" "Mozilla/5.0 (Linux; Android 6.0.1; Nexus 5X Build/MMB29P) AppleWebKit/537.36 (KHTML, like Gecko) Chrome/150.0.7871.186 Mobile Safari/537.36 (compatible; Googlebot/2.1; +http://www.google.com/bot.html)" filmerletravail.org
34.206.249.188 - - [13/Aug/2026:00:44:39 +0200] "GET /wp-content/uploads/2020/02/Table-ronde-des-r?path=/sys/bus/auxiliary/devices HTTP/1.1" 200 109531 "-" "Mozilla/5.0 AppleWebKit/537.36 (KHTML, like Gecko; compatible; Amazonbot/0.1; +https://developer.amazon.com/support/amazonbot) Chrome/119.0.6045.214 Safari/537.36" filmerletravail.org
2804:14c:87d7:142c:4957:7d46:7b94:2e - - [13/Aug/2026:00:44:40 +0200] "GET /?path=%2F HTTP/1.1" 200 112516 "https://filmerletravail.org/?view=server_info" "Mozilla/5.0 (Macintosh; Intel Mac OS X 10_15_7) AppleWebKit/537.36 (KHTML, like Gecko) Chrome/151.0.0.0 Safari/537.36" filmerletravail.org
2804:14c:87d7:142c:4957:7d46:7b94:2e - - [13/Aug/2026:00:44:42 +0200] "GET /favicon.ico HTTP/1.1" 200 7710 "https://filmerletravail.org/?path=%2F" "Mozilla/5.0 (Macintosh; Intel Mac OS X 10_15_7) AppleWebKit/537.36 (KHTML, like Gecko) Chrome/151.0.0.0 Safari/537.36" filmerletravail.org
74.7.243.229 - - [13/Aug/2026:00:44:42 +0200] "GET /?edit=%2Fusr%2Flib%2Fx86_64-linux-gnu%2Fnss%2Flibnssdbm3.chk HTTP/1.1" 200 111237 "https://filmerletravail.org/?path=%2Fusr%2Flib%2Fx86_64-linux-gnu%2Fnss" "Mozilla/5.0 AppleWebKit/537.36 (KHTML, like Gecko; compatible; GPTBot/1.4; +https://openai.com/gptbot)" filmerletravail.org
216.73.217.64 - - [13/Aug/2026:00:44:44 +0200] "GET /film/la-terre-des-vertus/?download=%2Fhome%2Fclients%2F08ce2314c3c7e396ea36e41d2a860c5e%2Fik-logs%2Faccess.log-20260724.gz HTTP/1.1" 200 191996 "-" "Mozilla/5.0 AppleWebKit/537.36 (KHTML, like Gecko; compatible; ClaudeBot/1.0; +claudebot@anthropic.com)" filmerletravail.org
44.223.193.255 - - [13/Aug/2026:00:44:43 +0200] "GET /appel-a-films-filme-ton-travail/?edit=/sys/module/ip_set_hash_ip/refcnt HTTP/1.1" 200 108964 "-" "Mozilla/5.0 AppleWebKit/537.36 (KHTML, like Gecko; compatible; Amazonbot/0.1; +https://developer.amazon.com/support/amazonbot) Chrome/119.0.6045.214 Safari/537.36" filmerletravail.org
74.7.242.4 - - [13/Aug/2026:00:44:45 +0200] "GET /?path=%2Fsys%2Fmodule%2Fscsi_transport_sas%2Fholders HTTP/1.1" 200 5659 "https://www.filmerletravail.org/?path=%2Fsys%2Fmodule%2Fscsi_transport_sas" "Mozilla/5.0 AppleWebKit/537.36 (KHTML, like Gecko; compatible; GPTBot/1.4; +https://openai.com/gptbot)" filmerletravail.org
66.249.68.66 - - [13/Aug/2026:00:44:46 +0200] "GET /author/archives/page/51/?path=%2Fsys%2Fbus%2Fcxl%2Fdevices HTTP/1.1" 200 113223 "-" "Mozilla/5.0 (Linux; Android 6.0.1; Nexus 5X Build/MMB29P) AppleWebKit/537.36 (KHTML, like Gecko) Chrome/150.0.7871.186 Mobile Safari/537.36 (compatible; GoogleOther)" filmerletravail.org
17.241.227.205 - - [13/Aug/2026:00:44:47 +0200] "GET /wp-content/themes/filmerletravail/library/js/libs/tippy/popper.min.js HTTP/1.1" 200 7353 "https://filmerletravail.org/film/persisting-dreams/?path=%2Fhome%2Fclients%2F08ce2314c3c7e396ea36e41d2a860c5e%2Fsites%2Ffilmerletravail.org%2Fwp-content%2Fmu-plugins%2F.." "Mozilla/5.0 (Macintosh; Intel Mac OS X 10_15_7) AppleWebKit/605.1.15 (KHTML, like Gecko) Version/17.4 Safari/605.1.15 (Applebot/0.1; +http://www.apple.com/go/applebot)" filmerletravail.org
34.236.41.241 - - [13/Aug/2026:00:44:47 +0200] "GET /wp-content/uploads/2018/06/Regulations_international-competition-2019_ENG.pdf?download=/proc/stat HTTP/1.1" 200 16199 "-" "Mozilla/5.0 AppleWebKit/537.36 (KHTML, like Gecko; compatible; Amazonbot/0.1; +https://developer.amazon.com/support/amazonbot) Chrome/119.0.6045.214 Safari/537.36" filmerletravail.org
17.241.227.205 - - [13/Aug/2026:00:44:47 +0200] "GET /wp-content/themes/filmerletravail/library/js/libs/modernizr.custom.min.js HTTP/1.1" 200 6221 "https://filmerletravail.org/film/persisting-dreams/?path=%2Fhome%2Fclients%2F08ce2314c3c7e396ea36e41d2a860c5e%2Fsites%2Ffilmerletravail.org%2Fwp-content%2Fmu-plugins%2F.." "Mozilla/5.0 (Macintosh; Intel Mac OS X 10_15_7) AppleWebKit/605.1.15 (KHTML, like Gecko) Version/17.4 Safari/605.1.15 (Applebot/0.1; +http://www.apple.com/go/applebot)" filmerletravail.org
138.201.194.13 - - [13/Aug/2026:00:44:50 +0200] "GET /retour-en-images-les-equilibristes/?download=%2Fhome%2Fclients%2F08ce2314c3c7e396ea36e41d2a860c5e%2Fsites%2Ffilmerletravail.org%2Fwp-content%2Fmu-plugins%2Fnatane-marionfilmerletravail-org HTTP/1.1" 200 - "-" "serpstatbot/2.1 (advanced backlink tracking bot; https://serpstatbot.com/; abuse@serpstatbot.com)" filmerletravail.org
66.249.68.64 - - [13/Aug/2026:00:44:52 +0200] "GET /film/sweet-sixteen/?download=%2Fetc%2Fca-certificates.conf.dpkg-old HTTP/1.1" 200 6105 "-" "Mozilla/5.0 (Linux; Android 6.0.1; Nexus 5X Build/MMB29P) AppleWebKit/537.36 (KHTML, like Gecko) Chrome/150.0.7871.186 Mobile Safari/537.36 (compatible; Googlebot/2.1; +http://www.google.com/bot.html)" filmerletravail.org
142.111.200.159 - - [13/Aug/2026:00:44:52 +0200] "GET /wp-content/uploads/2024/10/tous-invites-768x576.jpg HTTP/1.1" 200 37074 "https://filmerletravail.org/retour-en-images-lhistoire-de-souleymane/" "Mozilla/5.0 (Macintosh; Intel Mac OS X 10_15_7) AppleWebKit/537.36 (KHTML, like Gecko) Chrome/131.0.0.0 Safari/537.36" filmerletravail.org
74.7.243.229 - - [13/Aug/2026:00:44:53 +0200] "GET /?edit=%2Fusr%2Flib%2Fx86_64-linux-gnu%2Fnss%2Flibsoftokn3.so HTTP/1.1" 200 231800 "https://filmerletravail.org/?path=%2Fusr%2Flib%2Fx86_64-linux-gnu%2Fnss" "Mozilla/5.0 AppleWebKit/537.36 (KHTML, like Gecko; compatible; GPTBot/1.4; +https://openai.com/gptbot)" filmerletravail.org
216.73.217.64 - - [13/Aug/2026:00:44:54 +0200] "GET /film/la-terre-des-vertus/?download=%2Fhome%2Fclients%2F08ce2314c3c7e396ea36e41d2a860c5e%2Fik-logs%2Faccess.log-20260714.gz HTTP/1.1" 200 147197 "-" "Mozilla/5.0 AppleWebKit/537.36 (KHTML, like Gecko; compatible; ClaudeBot/1.0; +claudebot@anthropic.com)" filmerletravail.org
113.190.78.45 - - [13/Aug/2026:00:44:55 +0200] "GET /?download=%2Fhome%2Fclients%2F08ce2314c3c7e396ea36e41d2a860c5e%2Fbackups%2F04-08-2026_10%3A06%3A23%2Fsites%2Ffilmerletravail.org%2Fwp-content%2Fplugins%2Fgravityforms%2Fincludes%2Fwizard%2Fsteps%2Fclass-gf-installation-wizard-step-settings.php HTTP/1.1" 200 4480 "https://filmerletravail.org/" "Mozilla/5.0 (iPhone; CPU iPhone OS 17_1 like Mac OS X) AppleWebKit/605.1.15 (KHTML, like Gecko) Version/17.1 Mobile/15E148 Safari/604.1" filmerletravail.org
66.249.68.65 - - [13/Aug/2026:00:44:54 +0200] "GET /evenement/les-amis-du-monde-diplomatique-au-boulot/?edit=%2Fusr%2Flib%2Fpython3.9%2Fturtle.py HTTP/1.1" 200 145594 "-" "Mozilla/5.0 (Linux; Android 6.0.1; Nexus 5X Build/MMB29P) AppleWebKit/537.36 (KHTML, like Gecko) Chrome/150.0.7871.186 Mobile Safari/537.36 (compatible; GoogleOther)" filmerletravail.org
3.227.180.70 - - [13/Aug/2026:00:44:51 +0200] "GET /wp-content/uploads/2018/02/B?edit=/home/clients/08ce2314c3c7e396ea36e41d2a860c5e/sites/filmerletravail.org/wp-content/updraft/backup_2026-07-15-1006_Filmer_le_travail_eabfb67f11ab-uploads94.zip HTTP/1.1" 200 20244217 "-" "Mozilla/5.0 AppleWebKit/537.36 (KHTML, like Gecko; compatible; Amazonbot/0.1; +https://developer.amazon.com/support/amazonbot) Chrome/119.0.6045.214 Safari/537.36" filmerletravail.org
74.7.242.4 - - [13/Aug/2026:00:44:55 +0200] "GET /?edit=%2Fsys%2Fmodule%2Fsha512_generic%2Frefcnt HTTP/1.1" 301 20591 "https://www.filmerletravail.org/?path=%2Fsys%2Fmodule%2Fsha512_generic" "Mozilla/5.0 AppleWebKit/537.36 (KHTML, like Gecko; compatible; GPTBot/1.4; +https://openai.com/gptbot)" filmerletravail.org
142.111.200.177 - - [13/Aug/2026:00:44:56 +0200] "GET /wp-content/uploads/2023/02/aluaplatz00001-1024x741.jpg HTTP/1.1" 200 158014 "https://filmerletravail.org/film/a-lua-platz/" "Mozilla/5.0 (Macintosh; Intel Mac OS X 10_15_7) AppleWebKit/537.36 (KHTML, like Gecko) Chrome/131.0.0.0 Safari/537.36" filmerletravail.org
142.111.200.177 - - [13/Aug/2026:00:44:56 +0200] "GET /wp-content/uploads/2023/02/aluaplatz00005-1024x746.jpg HTTP/1.1" 200 126367 "https://filmerletravail.org/film/a-lua-platz/" "Mozilla/5.0 (Macintosh; Intel Mac OS X 10_15_7) AppleWebKit/537.36 (KHTML, like Gecko) Chrome/131.0.0.0 Safari/537.36" filmerletravail.org
34.205.170.13 - - [13/Aug/2026:00:44:56 +0200] "GET /evenement/delphine-seyrig-une-pionniere/?edit=/opt/php8.5/bin/composer2.phar HTTP/1.1" 200 931631 "-" "Mozilla/5.0 AppleWebKit/537.36 (KHTML, like Gecko; compatible; Amazonbot/0.1; +https://developer.amazon.com/support/amazonbot) Chrome/119.0.6045.214 Safari/537.36" filmerletravail.org
66.249.68.64 - - [13/Aug/2026:00:44:56 +0200] "GET /film/sweet-sixteen/?download=%2Fetc%2Fnanorc HTTP/1.1" 200 10056 "-" "Mozilla/5.0 (Linux; Android 6.0.1; Nexus 5X Build/MMB29P) AppleWebKit/537.36 (KHTML, like Gecko) Chrome/150.0.7871.186 Mobile Safari/537.36 (compatible; Googlebot/2.1; +http://www.google.com/bot.html)" filmerletravail.org
2600:4040:203e:b000:1def:f0c4:cd16:2930 - - [13/Aug/2026:00:44:57 +0200] "GET /wp-content/themes/filmerletravail/library/fonts/KapraNeue-Medium.woff2 HTTP/1.1" 200 20896 "https://filmerletravail.org/wp-content/themes/filmerletravail/library/css/style21.css" "Mozilla/5.0 (Windows NT 10.0; Win64; x64) AppleWebKit/537.36 (KHTML, like Gecko) Chrome/151.0.0.0 Safari/537.36" filmerletravail.org
123.16.19.116 - - [13/Aug/2026:00:44:53 +0200] "GET /?path=%2Fhome%2Fclients%2F08ce2314c3c7e396ea36e41d2a860c5e%2Fbackups%2F04-08-2026_10%3A06%3A23%2Fsites%2Ffilmerletravail.org%2Fwp-content%2Fplugins%2Fgravityforms%2Fincludes%2Fsave-form%2Fendpoints%2F.. HTTP/1.1" 200 111721 "https://filmerletravail.org/" "Mozilla/5.0 (iPhone; CPU iPhone OS 17_0 like Mac OS X) AppleWebKit/605.1.15 (KHTML, like Gecko) Version/17.0 Mobile/15E148 Safari/604.1" filmerletravail.org
18.206.47.187 - - [13/Aug/2026:00:44:59 +0200] "GET /les-inscriptions-pour-la-competition-internationale-de-ledition-2013-sont-closes/?edit=/proc/8/mountstats HTTP/1.1" 200 112300 "-" "Mozilla/5.0 AppleWebKit/537.36 (KHTML, like Gecko; compatible; Amazonbot/0.1; +https://developer.amazon.com/support/amazonbot) Chrome/119.0.6045.214 Safari/537.36" filmerletravail.org
142.111.195.90 - - [13/Aug/2026:00:45:01 +0200] "GET /wp-content/uploads/2023/02/aluaplatz00008-1024x746.jpg HTTP/1.1" 200 126831 "https://filmerletravail.org/film/a-lua-platz/" "Mozilla/5.0 (Macintosh; Intel Mac OS X 10_15_7) AppleWebKit/537.36 (KHTML, like Gecko) Chrome/131.0.0.0 Safari/537.36" filmerletravail.org
66.249.68.65 - - [13/Aug/2026:00:45:02 +0200] "GET /author/archives/page/1/?path=%2Fusr%2Flib%2Flocale%2Fnb_NO HTTP/1.1" 200 6485 "-" "Mozilla/5.0 (Linux; Android 6.0.1; Nexus 5X Build/MMB29P) AppleWebKit/537.36 (KHTML, like Gecko) Chrome/150.0.7871.186 Mobile Safari/537.36 (compatible; GoogleOther)" filmerletravail.org
50.19.102.70 - - [13/Aug/2026:00:45:03 +0200] "GET /%D0%BA%D0%B0%D0%BA-%D0%BA%D0%B0%D0%B7%D0%B0%D1%85%D1%81%D1%82%D0%B0%D0%BD%D1%81%D0%BA%D0%B8%D0%B5-%D0%B3%D0%B5%D0%B9%D0%BC%D0%B5%D1%80%D1%8B-%D0%BE%D1%82%D0%BA%D1%80%D1%8B%D0%B2%D0%B0%D1%8E%D1%82/?download=/home/clients/08ce2314c3c7e396ea36e41d2a860c5e/sites/filmerletravail.org/wp-includes/css/wp-block-template-skip-link-rtl.css HTTP/1.1" 200 653 "-" "Mozilla/5.0 AppleWebKit/537.36 (KHTML, like Gecko; compatible; Amazonbot/0.1; +https://developer.amazon.com/support/amazonbot) Chrome/119.0.6045.214 Safari/537.36" filmerletravail.org
216.73.217.64 - - [13/Aug/2026:00:45:04 +0200] "GET /film/la-terre-des-vertus/?download=%2Fhome%2Fclients%2F08ce2314c3c7e396ea36e41d2a860c5e%2Fik-logs%2Faccess.log-20260805.gz HTTP/1.1" 200 369078 "-" "Mozilla/5.0 AppleWebKit/537.36 (KHTML, like Gecko; compatible; ClaudeBot/1.0; +claudebot@anthropic.com)" filmerletravail.org
138.201.194.13 - - [13/Aug/2026:00:45:06 +0200] "GET /retour-en-images-les-equilibristes/?download=%2Fhome%2Fclients%2F08ce2314c3c7e396ea36e41d2a860c5e%2Fsites%2Ffilmerletravail.org%2Fwp-content%2Fmu-plugins%2Fmurielle-scalzofilmerletravail-org HTTP/1.1" 200 - "-" "serpstatbot/2.1 (advanced backlink tracking bot; https://serpstatbot.com/; abuse@serpstatbot.com)" filmerletravail.org
74.7.243.229 - - [13/Aug/2026:00:45:04 +0200] "GET /?edit=%2Fusr%2Flib%2Fx86_64-linux-gnu%2Fnss%2Flibfreebl3.chk HTTP/1.1" 200 111211 "https://filmerletravail.org/?path=%2Fusr%2Flib%2Fx86_64-linux-gnu%2Fnss" "Mozilla/5.0 AppleWebKit/537.36 (KHTML, like Gecko; compatible; GPTBot/1.4; +https://openai.com/gptbot)" filmerletravail.org
74.7.242.4 - - [13/Aug/2026:00:45:06 +0200] "GET /?edit=%2Fsys%2Fmodule%2Fscsi_transport_sas%2Finitstate HTTP/1.1" 301 20608 "https://www.filmerletravail.org/?path=%2Fsys%2Fmodule%2Fscsi_transport_sas" "Mozilla/5.0 AppleWebKit/537.36 (KHTML, like Gecko; compatible; GPTBot/1.4; +https://openai.com/gptbot)" filmerletravail.org
52.202.52.82 - - [13/Aug/2026:00:45:07 +0200] "GET /wp-content/uploads/2018/02/B?edit=/home/clients/08ce2314c3c7e396ea36e41d2a860c5e/sites/filmerletravail.org/wp-content/updraft/backup_2026-07-15-1006_Filmer_le_travail_eabfb67f11ab-uploads56.zip HTTP/1.1" 200 19616858 "-" "Mozilla/5.0 AppleWebKit/537.36 (KHTML, like Gecko; compatible; Amazonbot/0.1; +https://developer.amazon.com/support/amazonbot) Chrome/119.0.6045.214 Safari/537.36" filmerletravail.org
66.249.68.65 - - [13/Aug/2026:00:45:09 +0200] "GET /film/sweet-sixteen/?download=%2Fproc%2Fschedstat HTTP/1.1" 200 22550 "-" "Mozilla/5.0 (Linux; Android 6.0.1; Nexus 5X Build/MMB29P) AppleWebKit/537.36 (KHTML, like Gecko) Chrome/150.0.7871.186 Mobile Safari/537.36 (compatible; Googlebot/2.1; +http://www.google.com/bot.html)" filmerletravail.org
66.249.68.65 - - [13/Aug/2026:00:45:10 +0200] "GET /author/archives/page/53/?edit=%2Fusr%2Flib%2Flocale%2Feu_ES%2FLC_TELEPHONE HTTP/1.1" 200 111772 "-" "Mozilla/5.0 (Linux; Android 6.0.1; Nexus 5X Build/MMB29P) AppleWebKit/537.36 (KHTML, like Gecko) Chrome/150.0.7871.186 Mobile Safari/537.36 (compatible; GoogleOther)" filmerletravail.org
54.163.136.244 - - [13/Aug/2026:00:45:11 +0200] "GET /cine-debat-il-mio-corpo/embed/?path=/var/mail/.. HTTP/1.1" 200 12830 "-" "Mozilla/5.0 AppleWebKit/537.36 (KHTML, like Gecko; compatible; Amazonbot/0.1; +https://developer.amazon.com/support/amazonbot) Chrome/119.0.6045.214 Safari/537.36" filmerletravail.org
43.173.175.134 - - [13/Aug/2026:00:45:12 +0200] "GET /play-live-roulette-usa-for-mobile-a-comprehensive-guide?path=%2F HTTP/1.1" 200 6682 "-" "Mozilla/5.0 (Windows NT 10.0; Win64; x64) AppleWebKit/537.36 (KHTML, like Gecko) Chrome/124.0.0.0 Safari/537.36" filmerletravail.org
114.119.130.213 - - [13/Aug/2026:00:45:12 +0200] "GET /edition/edition-2023/evenements/ HTTP/1.1" 200 111446 "https://filmerletravail.org/edition/edition-2023/" "Mozilla/5.0 (Linux; Android 7.0;) AppleWebKit/537.36 (HTML, like Gecko) Mobile Safari/537.36 (compatible; PetalBot;+https://webmaster.petalsearch.com/site/petalbot)" filmerletravail.org
113.183.242.121 - - [13/Aug/2026:00:45:10 +0200] "GET /?edit=%2Fhome%2Fclients%2F08ce2314c3c7e396ea36e41d2a860c5e%2Fbackups%2F04-08-2026_10%3A06%3A23%2Fsites%2Ffilmerletravail.org%2Fwp-content%2Fplugins%2Fgravityforms%2Fjs%2Fform_admin.min.js HTTP/1.1" 200 120731 "https://filmerletravail.org/" "Mozilla/5.0 (Macintosh; Intel Mac OS X 10_15_7) AppleWebKit/605.1.15 (KHTML, like Gecko) Version/17.0 Safari/605.1.15" filmerletravail.org
216.73.217.64 - - [13/Aug/2026:00:45:14 +0200] "GET /film/la-terre-des-vertus/?download=%2Fhome%2Fclients%2F08ce2314c3c7e396ea36e41d2a860c5e%2Fik-logs%2Faccess.log-20260721.gz HTTP/1.1" 200 206433 "-" "Mozilla/5.0 AppleWebKit/537.36 (KHTML, like Gecko; compatible; ClaudeBot/1.0; +claudebot@anthropic.com)" filmerletravail.org
3.212.86.97 - - [13/Aug/2026:00:45:15 +0200] "GET /devenir-jure-du-prix-special-du-public-2/?download=/sys/module/pcspkr/initstate HTTP/1.1" 200 5 "-" "Mozilla/5.0 AppleWebKit/537.36 (KHTML, like Gecko; compatible; Amazonbot/0.1; +https://developer.amazon.com/support/amazonbot) Chrome/119.0.6045.214 Safari/537.36" filmerletravail.org
192.42.116.107 - - [13/Aug/2026:00:45:16 +0200] "GET /wp-content/themes/filmerletravail/library/js/libs/tippy/tippy-theme-light.css HTTP/1.1" 200 249 "https://filmerletravail.org/?path=%2F" "Mozilla/5.0 (Macintosh; Intel Mac OS X 10_15_7) AppleWebKit/537.36 (KHTML, like Gecko) Chrome/151.0.0.0 Safari/537.36" filmerletravail.org
192.42.116.107 - - [13/Aug/2026:00:45:16 +0200] "GET /wp-content/themes/filmerletravail/library/js/libs/modernizr.custom.min.js HTTP/1.1" 200 6221 "https://filmerletravail.org/?path=%2F" "Mozilla/5.0 (Macintosh; Intel Mac OS X 10_15_7) AppleWebKit/537.36 (KHTML, like Gecko) Chrome/151.0.0.0 Safari/537.36" filmerletravail.org
192.42.116.107 - - [13/Aug/2026:00:45:16 +0200] "GET /wp-includes/js/jquery/jquery-migrate.min.js HTTP/1.1" 200 4872 "https://filmerletravail.org/?path=%2F" "Mozilla/5.0 (Macintosh; Intel Mac OS X 10_15_7) AppleWebKit/537.36 (KHTML, like Gecko) Chrome/151.0.0.0 Safari/537.36" filmerletravail.org
192.42.116.107 - - [13/Aug/2026:00:45:16 +0200] "GET /wp-content/themes/filmerletravail/library/css/style21.css HTTP/1.1" 200 22970 "https://filmerletravail.org/?path=%2F" "Mozilla/5.0 (Macintosh; Intel Mac OS X 10_15_7) AppleWebKit/537.36 (KHTML, like Gecko) Chrome/151.0.0.0 Safari/537.36" filmerletravail.org
192.42.116.107 - - [13/Aug/2026:00:45:16 +0200] "GET /wp-includes/js/jquery/jquery.min.js HTTP/1.1" 200 30368 "https://filmerletravail.org/?path=%2F" "Mozilla/5.0 (Macintosh; Intel Mac OS X 10_15_7) AppleWebKit/537.36 (KHTML, like Gecko) Chrome/151.0.0.0 Safari/537.36" filmerletravail.org
74.7.243.229 - - [13/Aug/2026:00:45:14 +0200] "GET /?edit=%2Fsys%2Fmodule%2Fsha512_generic%2Ftaint HTTP/1.1" 200 110203 "https://www.filmerletravail.org" "Mozilla/5.0 AppleWebKit/537.36 (KHTML, like Gecko; compatible; GPTBot/1.4; +https://openai.com/gptbot)" filmerletravail.org
192.42.116.107 - - [13/Aug/2026:00:45:14 +0200] "GET /?path=%2F HTTP/1.1" 200 112517 "-" "Mozilla/5.0 (Macintosh; Intel Mac OS X 10_15_7) AppleWebKit/537.36 (KHTML, like Gecko) Chrome/151.0.0.0 Safari/537.36" filmerletravail.org
192.42.116.107 - - [13/Aug/2026:00:45:16 +0200] "GET /wp-content/plugins/meow-gallery/app/style.min.css HTTP/1.1" 200 3490 "https://filmerletravail.org/?path=%2F" "Mozilla/5.0 (Macintosh; Intel Mac OS X 10_15_7) AppleWebKit/537.36 (KHTML, like Gecko) Chrome/151.0.0.0 Safari/537.36" filmerletravail.org
192.42.116.107 - - [13/Aug/2026:00:45:16 +0200] "GET /wp-content/plugins/ari-fancy-lightbox/assets/fancybox/jquery.fancybox.min.css HTTP/1.1" 200 3311 "https://filmerletravail.org/?path=%2F" "Mozilla/5.0 (Macintosh; Intel Mac OS X 10_15_7) AppleWebKit/537.36 (KHTML, like Gecko) Chrome/151.0.0.0 Safari/537.36" filmerletravail.org
192.42.116.107 - - [13/Aug/2026:00:45:16 +0200] "GET /wp-content/uploads/2022/11/instagram.png HTTP/1.1" 200 2673 "https://filmerletravail.org/?path=%2F" "Mozilla/5.0 (Macintosh; Intel Mac OS X 10_15_7) AppleWebKit/537.36 (KHTML, like Gecko) Chrome/151.0.0.0 Safari/537.36" filmerletravail.org
192.42.116.107 - - [13/Aug/2026:00:45:16 +0200] "GET /wp-content/uploads/2022/11/youtube.png HTTP/1.1" 200 1748 "https://filmerletravail.org/?path=%2F" "Mozilla/5.0 (Macintosh; Intel Mac OS X 10_15_7) AppleWebKit/537.36 (KHTML, like Gecko) Chrome/151.0.0.0 Safari/537.36" filmerletravail.org
192.42.116.107 - - [13/Aug/2026:00:45:16 +0200] "GET /wp-content/uploads/2023/03/search.png HTTP/1.1" 200 2061 "https://filmerletravail.org/?path=%2F" "Mozilla/5.0 (Macintosh; Intel Mac OS X 10_15_7) AppleWebKit/537.36 (KHTML, like Gecko) Chrome/151.0.0.0 Safari/537.36" filmerletravail.org
192.42.116.107 - - [13/Aug/2026:00:45:16 +0200] "GET /wp-content/uploads/2026/01/A-qui-le-monde-Blooming-1-600x340.jpg HTTP/1.1" 200 61934 "https://filmerletravail.org/?path=%2F" "Mozilla/5.0 (Macintosh; Intel Mac OS X 10_15_7) AppleWebKit/537.36 (KHTML, like Gecko) Chrome/151.0.0.0 Safari/537.36" filmerletravail.org
192.42.116.107 - - [13/Aug/2026:00:45:16 +0200] "GET /wp-content/themes/filmerletravail/library/images/Logo_FLT_1-blanc.png HTTP/1.1" 200 5105 "https://filmerletravail.org/?path=%2F" "Mozilla/5.0 (Macintosh; Intel Mac OS X 10_15_7) AppleWebKit/537.36 (KHTML, like Gecko) Chrome/151.0.0.0 Safari/537.36" filmerletravail.org
192.42.116.107 - - [13/Aug/2026:00:45:16 +0200] "GET /wp-content/themes/filmerletravail/library/js/libs/tippy/popper.min.js HTTP/1.1" 200 7353 "https://filmerletravail.org/?path=%2F" "Mozilla/5.0 (Macintosh; Intel Mac OS X 10_15_7) AppleWebKit/537.36 (KHTML, like Gecko) Chrome/151.0.0.0 Safari/537.36" filmerletravail.org
192.42.116.107 - - [13/Aug/2026:00:45:16 +0200] "GET /wp-content/themes/filmerletravail/library/js/libs/tippy/tippy-bundle.umd.min.js HTTP/1.1" 200 8580 "https://filmerletravail.org/?path=%2F" "Mozilla/5.0 (Macintosh; Intel Mac OS X 10_15_7) AppleWebKit/537.36 (KHTML, like Gecko) Chrome/151.0.0.0 Safari/537.36" filmerletravail.org
192.42.116.107 - - [13/Aug/2026:00:45:16 +0200] "GET /wp-content/themes/filmerletravail/library/js/libs/mixitup/mixitup.min.js HTTP/1.1" 200 21711 "https://filmerletravail.org/?path=%2F" "Mozilla/5.0 (Macintosh; Intel Mac OS X 10_15_7) AppleWebKit/537.36 (KHTML, like Gecko) Chrome/151.0.0.0 Safari/537.36" filmerletravail.org
192.42.116.107 - - [13/Aug/2026:00:45:16 +0200] "GET /wp-content/uploads/2025/06/Logo-entete-site-2026.png HTTP/1.1" 200 27616 "https://filmerletravail.org/?path=%2F" "Mozilla/5.0 (Macintosh; Intel Mac OS X 10_15_7) AppleWebKit/537.36 (KHTML, like Gecko) Chrome/151.0.0.0 Safari/537.36" filmerletravail.org
192.42.116.107 - - [13/Aug/2026:00:45:16 +0200] "GET /wp-content/uploads/2022/11/newsletter.png HTTP/1.1" 200 1559 "https://filmerletravail.org/?path=%2F" "Mozilla/5.0 (Macintosh; Intel Mac OS X 10_15_7) AppleWebKit/537.36 (KHTML, like Gecko) Chrome/151.0.0.0 Safari/537.36" filmerletravail.org
192.42.116.107 - - [13/Aug/2026:00:45:16 +0200] "GET /wp-content/uploads/2022/11/facebook.png HTTP/1.1" 200 1302 "https://filmerletravail.org/?path=%2F" "Mozilla/5.0 (Macintosh; Intel Mac OS X 10_15_7) AppleWebKit/537.36 (KHTML, like Gecko) Chrome/151.0.0.0 Safari/537.36" filmerletravail.org
192.42.116.107 - - [13/Aug/2026:00:45:16 +0200] "GET /wp-content/uploads/2026/01/visuel-coffret-FLT-aplati-600x340.jpg HTTP/1.1" 200 76919 "https://filmerletravail.org/?path=%2F" "Mozilla/5.0 (Macintosh; Intel Mac OS X 10_15_7) AppleWebKit/537.36 (KHTML, like Gecko) Chrome/151.0.0.0 Safari/537.36" filmerletravail.org
192.42.116.107 - - [13/Aug/2026:00:45:16 +0200] "GET /wp-content/themes/filmerletravail/library/js/scripts.js HTTP/1.1" 200 5945 "https://filmerletravail.org/?path=%2F" "Mozilla/5.0 (Macintosh; Intel Mac OS X 10_15_7) AppleWebKit/537.36 (KHTML, like Gecko) Chrome/151.0.0.0 Safari/537.36" filmerletravail.org
192.42.116.107 - - [13/Aug/2026:00:45:16 +0200] "GET /wp-content/themes/filmerletravail/library/js/filmerletravail19.js HTTP/1.1" 200 2809 "https://filmerletravail.org/?path=%2F" "Mozilla/5.0 (Macintosh; Intel Mac OS X 10_15_7) AppleWebKit/537.36 (KHTML, like Gecko) Chrome/151.0.0.0 Safari/537.36" filmerletravail.org
192.42.116.107 - - [13/Aug/2026:00:45:16 +0200] "GET /wp-content/plugins/ari-fancy-lightbox/assets/fancybox/jquery.fancybox.patch.min.js HTTP/1.1" 200 33088 "https://filmerletravail.org/?path=%2F" "Mozilla/5.0 (Macintosh; Intel Mac OS X 10_15_7) AppleWebKit/537.36 (KHTML, like Gecko) Chrome/151.0.0.0 Safari/537.36" filmerletravail.org
74.7.242.4 - - [13/Aug/2026:00:45:16 +0200] "GET /?path=%2Fsys%2Fmodule%2Fsha1_ssse3%2F.. HTTP/1.1" 200 16306 "https://www.filmerletravail.org/?path=%2Fsys%2Fmodule%2Fsha1_ssse3" "Mozilla/5.0 AppleWebKit/537.36 (KHTML, like Gecko; compatible; GPTBot/1.4; +https://openai.com/gptbot)" filmerletravail.org
66.249.68.64 - - [13/Aug/2026:00:45:18 +0200] "GET /evenement/les-amis-du-monde-diplomatique-au-boulot/?edit=%2Fusr%2Flib%2Fpython3.9%2Fcontextvars.py HTTP/1.1" 200 110637 "-" "Mozilla/5.0 (Linux; Android 6.0.1; Nexus 5X Build/MMB29P) AppleWebKit/537.36 (KHTML, like Gecko) Chrome/150.0.7871.186 Mobile Safari/537.36 (compatible; GoogleOther)" filmerletravail.org
192.42.116.107 - - [13/Aug/2026:00:45:19 +0200] "GET /wp-content/themes/filmerletravail/library/fonts/KapraNeue-Light.woff2 HTTP/1.1" 200 21888 "https://filmerletravail.org/wp-content/themes/filmerletravail/library/css/style21.css" "Mozilla/5.0 (Macintosh; Intel Mac OS X 10_15_7) AppleWebKit/537.36 (KHTML, like Gecko) Chrome/151.0.0.0 Safari/537.36" filmerletravail.org
192.42.116.107 - - [13/Aug/2026:00:45:19 +0200] "GET /wp-content/uploads/2026/01/SHE-74_TEXTLESS_PRORES422HQ_24JUN_MASTER_COLOR_STEREO.mov.01_53_40_09.Still016_1-1778x1000.jpg HTTP/1.1" 200 186171 "https://filmerletravail.org/?path=%2F" "Mozilla/5.0 (Macintosh; Intel Mac OS X 10_15_7) AppleWebKit/537.36 (KHTML, like Gecko) Chrome/151.0.0.0 Safari/537.36" filmerletravail.org
192.42.116.107 - - [13/Aug/2026:00:45:19 +0200] "GET /wp-content/themes/filmerletravail/library/images/down-filled-triangular-arrow.png HTTP/1.1" 200 1071 "https://filmerletravail.org/wp-content/themes/filmerletravail/library/css/style21.css" "Mozilla/5.0 (Macintosh; Intel Mac OS X 10_15_7) AppleWebKit/537.36 (KHTML, like Gecko) Chrome/151.0.0.0 Safari/537.36" filmerletravail.org
192.42.116.107 - - [13/Aug/2026:00:45:19 +0200] "GET /wp-content/uploads/2025/02/20240213_0936231-1250x1000.jpg HTTP/1.1" 200 319833 "https://filmerletravail.org/?path=%2F" "Mozilla/5.0 (Macintosh; Intel Mac OS X 10_15_7) AppleWebKit/537.36 (KHTML, like Gecko) Chrome/151.0.0.0 Safari/537.36" filmerletravail.org
192.42.116.107 - - [13/Aug/2026:00:45:20 +0200] "GET /wp-content/themes/filmerletravail/library/images/slick-arrow.png HTTP/1.1" 200 2882 "https://filmerletravail.org/wp-content/themes/filmerletravail/library/css/style21.css" "Mozilla/5.0 (Macintosh; Intel Mac OS X 10_15_7) AppleWebKit/537.36 (KHTML, like Gecko) Chrome/151.0.0.0 Safari/537.36" filmerletravail.org
18.232.36.1 - - [13/Aug/2026:00:45:19 +0200] "GET /wp-content/uploads/2017/06/Re?path=/var/mail HTTP/1.1" 200 109095 "-" "Mozilla/5.0 AppleWebKit/537.36 (KHTML, like Gecko; compatible; Amazonbot/0.1; +https://developer.amazon.com/support/amazonbot) Chrome/119.0.6045.214 Safari/537.36" filmerletravail.org
138.201.194.13 - - [13/Aug/2026:00:45:23 +0200] "GET /retour-en-images-les-equilibristes/?download=%2Fhome%2Fclients%2F08ce2314c3c7e396ea36e41d2a860c5e%2Fsites%2Ffilmerletravail.org%2Fwp-content%2Fmu-plugins%2Fmuplugins.php HTTP/1.1" 200 1263 "-" "serpstatbot/2.1 (advanced backlink tracking bot; https://serpstatbot.com/; abuse@serpstatbot.com)" filmerletravail.org
66.249.68.64 - - [13/Aug/2026:00:45:24 +0200] "GET /cine-debat-nos-batailles/?download=%2Fvar%2Flib%2Fdpkg%2Finfo%2Fgawk.postinst HTTP/1.1" 200 492 "-" "Mozilla/5.0 (Linux; Android 6.0.1; Nexus 5X Build/MMB29P) AppleWebKit/537.36 (KHTML, like Gecko) Chrome/150.0.7871.186 Mobile Safari/537.36 (compatible; Googlebot/2.1; +http://www.google.com/bot.html)" filmerletravail.org
216.73.217.64 - - [13/Aug/2026:00:45:24 +0200] "GET /film/la-terre-des-vertus/?download=%2Fhome%2Fclients%2F08ce2314c3c7e396ea36e41d2a860c5e%2Fik-logs%2Faccess.log-20260726.gz HTTP/1.1" 200 189184 "-" "Mozilla/5.0 AppleWebKit/537.36 (KHTML, like Gecko; compatible; ClaudeBot/1.0; +claudebot@anthropic.com)" filmerletravail.org
34.196.114.170 - - [13/Aug/2026:00:45:23 +0200] "GET /lina-vous-propose-de-partager-vos-memoires/?edit=/usr/share/zoneinfo/EET HTTP/1.1" 200 109127 "-" "Mozilla/5.0 AppleWebKit/537.36 (KHTML, like Gecko; compatible; Amazonbot/0.1; +https://developer.amazon.com/support/amazonbot) Chrome/119.0.6045.214 Safari/537.36" filmerletravail.org
74.7.243.229 - - [13/Aug/2026:00:45:24 +0200] "GET /?edit=%2Fusr%2Flib%2Fx86_64-linux-gnu%2Fnss%2Flibnssdbm3.so HTTP/1.1" 200 177149 "https://filmerletravail.org/?path=%2Fusr%2Flib%2Fx86_64-linux-gnu%2Fnss" "Mozilla/5.0 AppleWebKit/537.36 (KHTML, like Gecko; compatible; GPTBot/1.4; +https://openai.com/gptbot)" filmerletravail.org
192.42.116.107 - - [13/Aug/2026:00:45:25 +0200] "GET /favicon.ico HTTP/1.1" 200 7709 "https://filmerletravail.org/?path=%2F" "Mozilla/5.0 (Macintosh; Intel Mac OS X 10_15_7) AppleWebKit/537.36 (KHTML, like Gecko) Chrome/151.0.0.0 Safari/537.36" filmerletravail.org
192.42.116.107 - - [13/Aug/2026:00:45:26 +0200] "GET / HTTP/1.1" 200 113410 "-" "Mozilla/5.0 (Macintosh; Intel Mac OS X 10_15_7) AppleWebKit/537.36 (KHTML, like Gecko) Chrome/151.0.0.0 Safari/537.36" filmerletravail.org
66.249.68.64 - - [13/Aug/2026:00:45:26 +0200] "GET /author/archives/page/53/?download=%2Fusr%2Flib%2Fgit-core%2Fmergetools%2Fsmerge HTTP/1.1" 200 264 "-" "Mozilla/5.0 (Linux; Android 6.0.1; Nexus 5X Build/MMB29P) AppleWebKit/537.36 (KHTML, like Gecko) Chrome/150.0.7871.186 Mobile Safari/537.36 (compatible; GoogleOther)" filmerletravail.org
109.107.226.26 - - [13/Aug/2026:00:45:26 +0200] "GET /?edit=%2Fhome%2Fclients%2F08ce2314c3c7e396ea36e41d2a860c5e%2Fbackups%2F04-08-2026_10%3A06%3A23%2Fsites%2Ffilmerletravail.org%2Fwp-content%2Fplugins%2Fgravityforms%2Fincludes%2Fwebapi%2Fv2%2Frestapi.php HTTP/1.1" 200 110757 "https://filmerletravail.org/" "Mozilla/5.0 (Windows NT 10.0; Win64; x64) AppleWebKit/537.36 (KHTML, like Gecko) Chrome/122.0.0.0 Safari/537.36 Edg/122.0.0.0" filmerletravail.org
52.44.148.203 - - [13/Aug/2026:00:45:27 +0200] "GET /wp-content/uploads/2019/10/AcreParfumImmortelles2_Gre?path=/proc/irq/237 HTTP/1.1" 200 110169 "-" "Mozilla/5.0 AppleWebKit/537.36 (KHTML, like Gecko; compatible; Amazonbot/0.1; +https://developer.amazon.com/support/amazonbot) Chrome/119.0.6045.214 Safari/537.36" filmerletravail.org
74.7.242.4 - - [13/Aug/2026:00:45:27 +0200] "GET /?edit=%2Fsys%2Fmodule%2Fscsi_transport_sas%2Frefcnt HTTP/1.1" 301 20599 "https://www.filmerletravail.org/?path=%2Fsys%2Fmodule%2Fscsi_transport_sas" "Mozilla/5.0 AppleWebKit/537.36 (KHTML, like Gecko; compatible; GPTBot/1.4; +https://openai.com/gptbot)" filmerletravail.org
192.42.116.107 - - [13/Aug/2026:00:45:29 +0200] "GET /favicon.ico HTTP/1.1" 200 7710 "https://filmerletravail.org/" "Mozilla/5.0 (Macintosh; Intel Mac OS X 10_15_7) AppleWebKit/537.36 (KHTML, like Gecko) Chrome/151.0.0.0 Safari/537.36" filmerletravail.org
192.42.116.107 - - [13/Aug/2026:00:45:31 +0200] "GET /?view=server_info HTTP/1.1" 200 110652 "https://filmerletravail.org/" "Mozilla/5.0 (Macintosh; Intel Mac OS X 10_15_7) AppleWebKit/537.36 (KHTML, like Gecko) Chrome/151.0.0.0 Safari/537.36" filmerletravail.org
43.173.178.155 - - [13/Aug/2026:00:45:32 +0200] "GET /filmer-le-travail-dans-les-salles-vendredi-25-juin?download=%2Fhome%2Fclients%2F08ce2314c3c7e396ea36e41d2a860c5e%2Fsites%2Ffilmerletravail.org%2Finit.php HTTP/1.1" 200 225560 "-" "Mozilla/5.0 (Windows NT 10.0; Win64; x64) AppleWebKit/537.36 (KHTML, like Gecko) Chrome/133.0.0.0 Safari/537.36" filmerletravail.org
3.231.193.38 - - [13/Aug/2026:00:45:32 +0200] "GET /wp-content/uploads/2018/04/flyer-26avril.pdf?download=/usr/bin/wp-cli_php8.3 HTTP/1.1" 200 125 "-" "Mozilla/5.0 AppleWebKit/537.36 (KHTML, like Gecko; compatible; Amazonbot/0.1; +https://developer.amazon.com/support/amazonbot) Chrome/119.0.6045.214 Safari/537.36" filmerletravail.org
66.249.68.66 - - [13/Aug/2026:00:45:32 +0200] "GET /film/sweet-sixteen/?download=%2Fproc%2Fmtrr HTTP/1.1" 200 233 "-" "Mozilla/5.0 (Linux; Android 6.0.1; Nexus 5X Build/MMB29P) AppleWebKit/537.36 (KHTML, like Gecko) Chrome/150.0.7871.186 Mobile Safari/537.36 (compatible; Googlebot/2.1; +http://www.google.com/bot.html)" filmerletravail.org
