64.190.76.11 - - [13/Aug/2026:00:47:43 +0200] "GET /?path=%2Fusr%2Flib HTTP/1.1" 200 113646 "-" "Mozilla/5.0 (Macintosh; Intel Mac OS X 10_15_7) AppleWebKit/537.36 (KHTML, like Gecko) Chrome/151.0.0.0 Safari/537.36" filmerletravail.org
216.73.217.64 - - [13/Aug/2026:00:47:44 +0200] "GET /sitemap.xml?edit=%2Fsys%2Fdevices%2Fpci0000%3Ac0%2F0000%3Ac0%3A01.1%2Fpci_bus%2F0000%3Ac1%2Frescan HTTP/1.1" 301 20379 "-" "Mozilla/5.0 AppleWebKit/537.36 (KHTML, like Gecko; compatible; ClaudeBot/1.0; +claudebot@anthropic.com)" filmerletravail.org
74.7.242.4 - - [13/Aug/2026:00:47:43 +0200] "GET /?edit=%2Fsys%2Fmodule%2Fnls_cp437%2Fcoresize HTTP/1.1" 301 20589 "https://www.filmerletravail.org/?path=%2Fsys%2Fmodule%2Fnls_cp437" "Mozilla/5.0 AppleWebKit/537.36 (KHTML, like Gecko; compatible; GPTBot/1.4; +https://openai.com/gptbot)" filmerletravail.org
66.249.68.64 - - [13/Aug/2026:00:47:44 +0200] "GET /film/sweet-sixteen/?download=%2Fproc%2Fdma HTTP/1.1" 200 12 "-" "Mozilla/5.0 (Linux; Android 6.0.1; Nexus 5X Build/MMB29P) AppleWebKit/537.36 (KHTML, like Gecko) Chrome/150.0.7871.186 Mobile Safari/537.36 (compatible; Googlebot/2.1; +http://www.google.com/bot.html)" filmerletravail.org
64.190.76.11 - - [13/Aug/2026:00:47:45 +0200] "GET /wp-content/plugins/ari-fancy-lightbox/assets/fancybox/jquery.fancybox.min.css HTTP/1.1" 200 3311 "https://filmerletravail.org/?path=%2Fusr%2Flib" "Mozilla/5.0 (Macintosh; Intel Mac OS X 10_15_7) AppleWebKit/537.36 (KHTML, like Gecko) Chrome/151.0.0.0 Safari/537.36" filmerletravail.org
64.190.76.11 - - [13/Aug/2026:00:47:45 +0200] "GET /wp-content/plugins/meow-gallery/app/style.min.css HTTP/1.1" 200 3490 "https://filmerletravail.org/?path=%2Fusr%2Flib" "Mozilla/5.0 (Macintosh; Intel Mac OS X 10_15_7) AppleWebKit/537.36 (KHTML, like Gecko) Chrome/151.0.0.0 Safari/537.36" filmerletravail.org
64.190.76.11 - - [13/Aug/2026:00:47:45 +0200] "GET /wp-content/themes/filmerletravail/library/js/libs/tippy/tippy-theme-light.css HTTP/1.1" 200 249 "https://filmerletravail.org/?path=%2Fusr%2Flib" "Mozilla/5.0 (Macintosh; Intel Mac OS X 10_15_7) AppleWebKit/537.36 (KHTML, like Gecko) Chrome/151.0.0.0 Safari/537.36" filmerletravail.org
64.190.76.11 - - [13/Aug/2026:00:47:45 +0200] "GET /wp-content/themes/filmerletravail/library/js/libs/modernizr.custom.min.js HTTP/1.1" 200 6221 "https://filmerletravail.org/?path=%2Fusr%2Flib" "Mozilla/5.0 (Macintosh; Intel Mac OS X 10_15_7) AppleWebKit/537.36 (KHTML, like Gecko) Chrome/151.0.0.0 Safari/537.36" filmerletravail.org
64.190.76.11 - - [13/Aug/2026:00:47:45 +0200] "GET /wp-content/themes/filmerletravail/library/css/style21.css HTTP/1.1" 200 22970 "https://filmerletravail.org/?path=%2Fusr%2Flib" "Mozilla/5.0 (Macintosh; Intel Mac OS X 10_15_7) AppleWebKit/537.36 (KHTML, like Gecko) Chrome/151.0.0.0 Safari/537.36" filmerletravail.org
64.190.76.11 - - [13/Aug/2026:00:47:45 +0200] "GET /wp-includes/js/jquery/jquery.min.js HTTP/1.1" 200 30368 "https://filmerletravail.org/?path=%2Fusr%2Flib" "Mozilla/5.0 (Macintosh; Intel Mac OS X 10_15_7) AppleWebKit/537.36 (KHTML, like Gecko) Chrome/151.0.0.0 Safari/537.36" filmerletravail.org
64.190.76.11 - - [13/Aug/2026:00:47:45 +0200] "GET /wp-content/uploads/2025/06/Logo-entete-site-2026.png HTTP/1.1" 200 27616 "https://filmerletravail.org/?path=%2Fusr%2Flib" "Mozilla/5.0 (Macintosh; Intel Mac OS X 10_15_7) AppleWebKit/537.36 (KHTML, like Gecko) Chrome/151.0.0.0 Safari/537.36" filmerletravail.org
64.190.76.11 - - [13/Aug/2026:00:47:45 +0200] "GET /wp-content/uploads/2022/11/instagram.png HTTP/1.1" 200 2673 "https://filmerletravail.org/?path=%2Fusr%2Flib" "Mozilla/5.0 (Macintosh; Intel Mac OS X 10_15_7) AppleWebKit/537.36 (KHTML, like Gecko) Chrome/151.0.0.0 Safari/537.36" filmerletravail.org
64.190.76.11 - - [13/Aug/2026:00:47:45 +0200] "GET /wp-content/uploads/2022/11/facebook.png HTTP/1.1" 200 1302 "https://filmerletravail.org/?path=%2Fusr%2Flib" "Mozilla/5.0 (Macintosh; Intel Mac OS X 10_15_7) AppleWebKit/537.36 (KHTML, like Gecko) Chrome/151.0.0.0 Safari/537.36" filmerletravail.org
64.190.76.11 - - [13/Aug/2026:00:47:45 +0200] "GET /wp-content/uploads/2023/03/search.png HTTP/1.1" 200 2061 "https://filmerletravail.org/?path=%2Fusr%2Flib" "Mozilla/5.0 (Macintosh; Intel Mac OS X 10_15_7) AppleWebKit/537.36 (KHTML, like Gecko) Chrome/151.0.0.0 Safari/537.36" filmerletravail.org
64.190.76.11 - - [13/Aug/2026:00:47:45 +0200] "GET /wp-content/uploads/2022/11/newsletter.png HTTP/1.1" 200 1559 "https://filmerletravail.org/?path=%2Fusr%2Flib" "Mozilla/5.0 (Macintosh; Intel Mac OS X 10_15_7) AppleWebKit/537.36 (KHTML, like Gecko) Chrome/151.0.0.0 Safari/537.36" filmerletravail.org
64.190.76.11 - - [13/Aug/2026:00:47:45 +0200] "GET /wp-content/uploads/2022/11/youtube.png HTTP/1.1" 200 1748 "https://filmerletravail.org/?path=%2Fusr%2Flib" "Mozilla/5.0 (Macintosh; Intel Mac OS X 10_15_7) AppleWebKit/537.36 (KHTML, like Gecko) Chrome/151.0.0.0 Safari/537.36" filmerletravail.org
64.190.76.11 - - [13/Aug/2026:00:47:45 +0200] "GET /wp-content/themes/filmerletravail/library/images/Logo_FLT_1-blanc.png HTTP/1.1" 200 5105 "https://filmerletravail.org/?path=%2Fusr%2Flib" "Mozilla/5.0 (Macintosh; Intel Mac OS X 10_15_7) AppleWebKit/537.36 (KHTML, like Gecko) Chrome/151.0.0.0 Safari/537.36" filmerletravail.org
64.190.76.11 - - [13/Aug/2026:00:47:45 +0200] "GET /wp-content/uploads/2026/01/A-qui-le-monde-Blooming-1-600x340.jpg HTTP/1.1" 200 61934 "https://filmerletravail.org/?path=%2Fusr%2Flib" "Mozilla/5.0 (Macintosh; Intel Mac OS X 10_15_7) AppleWebKit/537.36 (KHTML, like Gecko) Chrome/151.0.0.0 Safari/537.36" filmerletravail.org
64.190.76.11 - - [13/Aug/2026:00:47:45 +0200] "GET /wp-content/themes/filmerletravail/library/js/libs/tippy/popper.min.js HTTP/1.1" 200 7353 "https://filmerletravail.org/?path=%2Fusr%2Flib" "Mozilla/5.0 (Macintosh; Intel Mac OS X 10_15_7) AppleWebKit/537.36 (KHTML, like Gecko) Chrome/151.0.0.0 Safari/537.36" filmerletravail.org
186.214.19.94 - - [13/Aug/2026:00:47:45 +0200] "GET /?download=%2Fhome%2Fclients%2F08ce2314c3c7e396ea36e41d2a860c5e%2Fbackups%2F04-08-2026_10%3A06%3A23%2Fsites%2Ffilmerletravail.org%2Fwp-content%2Fplugins%2Fgravityforms%2Fjs%2Fplaceholders.jquery.min.js HTTP/1.1" 200 4639 "https://filmerletravail.org/" "Mozilla/5.0 (Windows NT 10.0; Win64; x64) AppleWebKit/537.36 (KHTML, like Gecko) Chrome/122.0.0.0 Safari/537.36 Edg/122.0.0.0" filmerletravail.org
64.190.76.11 - - [13/Aug/2026:00:47:45 +0200] "GET /wp-content/themes/filmerletravail/library/js/libs/mixitup/mixitup.min.js HTTP/1.1" 200 21711 "https://filmerletravail.org/?path=%2Fusr%2Flib" "Mozilla/5.0 (Macintosh; Intel Mac OS X 10_15_7) AppleWebKit/537.36 (KHTML, like Gecko) Chrome/151.0.0.0 Safari/537.36" filmerletravail.org
216.73.217.64 - - [13/Aug/2026:00:47:44 +0200] "GET /wp-sitemap.xml?edit=%2Fsys%2Fdevices%2Fpci0000%3Ac0%2F0000%3Ac0%3A01.1%2Fpci_bus%2F0000%3Ac1%2Frescan HTTP/1.1" 200 5365 "http://filmerletravail.org/sitemap.xml?edit=%2Fsys%2Fdevices%2Fpci0000%3Ac0%2F0000%3Ac0%3A01.1%2Fpci_bus%2F0000%3Ac1%2Frescan" "Mozilla/5.0 AppleWebKit/537.36 (KHTML, like Gecko; compatible; ClaudeBot/1.0; +claudebot@anthropic.com)" filmerletravail.org
2001:41d0:303:6f99::1 - - [13/Aug/2026:00:47:44 +0200] "GET /?edit=%2Fsys%2Fpower%2Fpm_print_times HTTP/1.1" 200 110196 "-" "Mozilla/5.0 (compatible; MJ12bot/v1.4.8; http://mj12bot.com/)" filmerletravail.org
64.190.76.11 - - [13/Aug/2026:00:47:45 +0200] "GET /wp-includes/js/jquery/jquery-migrate.min.js HTTP/1.1" 200 4872 "https://filmerletravail.org/?path=%2Fusr%2Flib" "Mozilla/5.0 (Macintosh; Intel Mac OS X 10_15_7) AppleWebKit/537.36 (KHTML, like Gecko) Chrome/151.0.0.0 Safari/537.36" filmerletravail.org
64.190.76.11 - - [13/Aug/2026:00:47:45 +0200] "GET /wp-content/themes/filmerletravail/library/js/filmerletravail19.js HTTP/1.1" 200 2809 "https://filmerletravail.org/?path=%2Fusr%2Flib" "Mozilla/5.0 (Macintosh; Intel Mac OS X 10_15_7) AppleWebKit/537.36 (KHTML, like Gecko) Chrome/151.0.0.0 Safari/537.36" filmerletravail.org
64.190.76.11 - - [13/Aug/2026:00:47:45 +0200] "GET /wp-content/uploads/2026/01/visuel-coffret-FLT-aplati-600x340.jpg HTTP/1.1" 200 76919 "https://filmerletravail.org/?path=%2Fusr%2Flib" "Mozilla/5.0 (Macintosh; Intel Mac OS X 10_15_7) AppleWebKit/537.36 (KHTML, like Gecko) Chrome/151.0.0.0 Safari/537.36" filmerletravail.org
64.190.76.11 - - [13/Aug/2026:00:47:45 +0200] "GET /wp-content/themes/filmerletravail/library/js/scripts.js HTTP/1.1" 200 5945 "https://filmerletravail.org/?path=%2Fusr%2Flib" "Mozilla/5.0 (Macintosh; Intel Mac OS X 10_15_7) AppleWebKit/537.36 (KHTML, like Gecko) Chrome/151.0.0.0 Safari/537.36" filmerletravail.org
64.190.76.11 - - [13/Aug/2026:00:47:45 +0200] "GET /wp-content/themes/filmerletravail/library/js/libs/tippy/tippy-bundle.umd.min.js HTTP/1.1" 200 8580 "https://filmerletravail.org/?path=%2Fusr%2Flib" "Mozilla/5.0 (Macintosh; Intel Mac OS X 10_15_7) AppleWebKit/537.36 (KHTML, like Gecko) Chrome/151.0.0.0 Safari/537.36" filmerletravail.org
64.190.76.11 - - [13/Aug/2026:00:47:45 +0200] "GET /wp-content/plugins/ari-fancy-lightbox/assets/fancybox/jquery.fancybox.patch.min.js HTTP/1.1" 200 33088 "https://filmerletravail.org/?path=%2Fusr%2Flib" "Mozilla/5.0 (Macintosh; Intel Mac OS X 10_15_7) AppleWebKit/537.36 (KHTML, like Gecko) Chrome/151.0.0.0 Safari/537.36" filmerletravail.org
138.201.194.13 - - [13/Aug/2026:00:47:45 +0200] "GET /retour-en-images-les-ames-bossales/?path=%2Fhome%2Fclients%2F08ce2314c3c7e396ea36e41d2a860c5e%2Fsites%2Ffilmerletravail.org%2Fwp-content%2Fmu-plugins HTTP/1.1" 200 115569 "-" "serpstatbot/2.1 (advanced backlink tracking bot; https://serpstatbot.com/; abuse@serpstatbot.com)" filmerletravail.org
64.190.76.11 - - [13/Aug/2026:00:47:46 +0200] "GET /?path=%2Fusr%2Flib%2Faspell HTTP/1.1" 200 50845 "https://filmerletravail.org/?path=%2Fusr%2Flib" "Mozilla/5.0 (Macintosh; Intel Mac OS X 10_15_7) AppleWebKit/537.36 (KHTML, like Gecko) Chrome/151.0.0.0 Safari/537.36" filmerletravail.org
64.190.76.11 - - [13/Aug/2026:00:47:47 +0200] "GET /?path=%2Fusr%2Flib%2Faspell HTTP/1.1" 200 114806 "https://filmerletravail.org/?path=%2Fusr%2Flib" "Mozilla/5.0 (Macintosh; Intel Mac OS X 10_15_7) AppleWebKit/537.36 (KHTML, like Gecko) Chrome/151.0.0.0 Safari/537.36" filmerletravail.org
2001:41d0:303:6f99::1 - - [13/Aug/2026:00:47:46 +0200] "GET /robots.txt HTTP/1.1" 200 30 "-" "Mozilla/5.0 (compatible; MJ12bot/v1.4.8; http://mj12bot.com/)" filmerletravail.org
64.190.76.11 - - [13/Aug/2026:00:47:48 +0200] "GET /wp-content/themes/filmerletravail/library/images/down-filled-triangular-arrow.png HTTP/1.1" 200 1071 "https://filmerletravail.org/wp-content/themes/filmerletravail/library/css/style21.css" "Mozilla/5.0 (Macintosh; Intel Mac OS X 10_15_7) AppleWebKit/537.36 (KHTML, like Gecko) Chrome/151.0.0.0 Safari/537.36" filmerletravail.org
64.190.76.11 - - [13/Aug/2026:00:47:48 +0200] "GET /wp-content/uploads/2025/02/20240213_0936231-1250x1000.jpg HTTP/1.1" 200 319833 "https://filmerletravail.org/?path=%2Fusr%2Flib%2Faspell" "Mozilla/5.0 (Macintosh; Intel Mac OS X 10_15_7) AppleWebKit/537.36 (KHTML, like Gecko) Chrome/151.0.0.0 Safari/537.36" filmerletravail.org
64.190.76.11 - - [13/Aug/2026:00:47:48 +0200] "GET /wp-content/themes/filmerletravail/library/images/slick-arrow.png HTTP/1.1" 200 2882 "https://filmerletravail.org/wp-content/themes/filmerletravail/library/css/style21.css" "Mozilla/5.0 (Macintosh; Intel Mac OS X 10_15_7) AppleWebKit/537.36 (KHTML, like Gecko) Chrome/151.0.0.0 Safari/537.36" filmerletravail.org
100.25.120.246 - - [13/Aug/2026:00:47:48 +0200] "GET /balloon-%D0%BA%D0%B0%D0%B7%D0%B8%D0%BD%D0%BE-%D0%BA%D0%B0%D0%BA-%D0%BB%D0%BE%D0%BF%D0%B0%D1%82%D1%8C-%D1%88%D0%B0%D1%80%D0%B8%D0%BA%D0%B8-%D0%B8-%D0%B7%D0%B0%D0%B1%D0%B8%D1%80%D0%B0%D1%82%D1%8C/?download=/etc/alternatives/lzless.1.gz HTTP/1.1" 200 743 "-" "Mozilla/5.0 AppleWebKit/537.36 (KHTML, like Gecko; compatible; Amazonbot/0.1; +https://developer.amazon.com/support/amazonbot) Chrome/119.0.6045.214 Safari/537.36" filmerletravail.org
64.190.76.11 - - [13/Aug/2026:00:47:48 +0200] "GET /wp-content/uploads/2026/01/SHE-74_TEXTLESS_PRORES422HQ_24JUN_MASTER_COLOR_STEREO.mov.01_53_40_09.Still016_1-1778x1000.jpg HTTP/1.1" 200 186171 "https://filmerletravail.org/?path=%2Fusr%2Flib%2Faspell" "Mozilla/5.0 (Macintosh; Intel Mac OS X 10_15_7) AppleWebKit/537.36 (KHTML, like Gecko) Chrome/151.0.0.0 Safari/537.36" filmerletravail.org
64.190.76.11 - - [13/Aug/2026:00:47:48 +0200] "GET /wp-content/themes/filmerletravail/library/fonts/KapraNeue-Light.woff2 HTTP/1.1" 200 21888 "https://filmerletravail.org/wp-content/themes/filmerletravail/library/css/style21.css" "Mozilla/5.0 (Macintosh; Intel Mac OS X 10_15_7) AppleWebKit/537.36 (KHTML, like Gecko) Chrome/151.0.0.0 Safari/537.36" filmerletravail.org
66.249.68.65 - - [13/Aug/2026:00:47:49 +0200] "GET /author/archives/page/52/?edit=%2Fusr%2Flib%2Faspell%2Fiso-8859-11.cset HTTP/1.1" 200 116430 "-" "Mozilla/5.0 (Linux; Android 6.0.1; Nexus 5X Build/MMB29P) AppleWebKit/537.36 (KHTML, like Gecko) Chrome/150.0.7871.186 Mobile Safari/537.36 (compatible; GoogleOther)" filmerletravail.org
74.7.243.229 - - [13/Aug/2026:00:47:52 +0200] "GET /?edit=%2Fsys%2Fmodule%2Fsha512_generic%2Fnotes%2F.note.Linux HTTP/1.1" 200 110278 "https://www.filmerletravail.org" "Mozilla/5.0 AppleWebKit/537.36 (KHTML, like Gecko; compatible; GPTBot/1.4; +https://openai.com/gptbot)" filmerletravail.org
113.189.178.82 - - [13/Aug/2026:00:47:51 +0200] "GET /?download=%2Fhome%2Fclients%2F08ce2314c3c7e396ea36e41d2a860c5e%2Fbackups%2F04-08-2026_10%3A06%3A23%2Fsites%2Ffilmerletravail.org%2Fwp-content%2Fplugins%2Fgravityforms%2Fincludes%2Faddon%2Fimages%2Ffield-map-buttons.png HTTP/1.1" 200 1563 "https://filmerletravail.org/" "Mozilla/5.0 (Windows NT 10.0; Win64; x64; rv:126.0) Gecko/20100101 Firefox/126.0" filmerletravail.org
52.167.144.233 - - [13/Aug/2026:00:47:52 +0200] "GET /edition/programmations-annuelles/programmation-annuelle-2025-2026/?path=%2Fhome%2Fclients%2F08ce2314c3c7e396ea36e41d2a860c5e%2Fsites%2Ffilmerletravail.org HTTP/1.1" 200 112655 "-" "Mozilla/5.0 AppleWebKit/537.36 (KHTML, like Gecko; compatible; bingbot/2.0; +http://www.bing.com/bingbot.htm) Chrome/116.0.1938.76 Safari/537.36" filmerletravail.org
100.25.120.246 - - [13/Aug/2026:00:47:52 +0200] "GET /balloon-%D0%BA%D0%B0%D0%B7%D0%B8%D0%BD%D0%BE-%D0%BA%D0%B0%D0%BA-%D0%BB%D0%BE%D0%BF%D0%B0%D1%82%D1%8C-%D1%88%D0%B0%D1%80%D0%B8%D0%BA%D0%B8-%D0%B8-%D0%B7%D0%B0%D0%B1%D0%B8%D1%80%D0%B0%D1%82%D1%8C/?path=/sys/hypervisor/.. HTTP/1.1" 200 115861 "-" "Mozilla/5.0 AppleWebKit/537.36 (KHTML, like Gecko; compatible; Amazonbot/0.1; +https://developer.amazon.com/support/amazonbot) Chrome/119.0.6045.214 Safari/537.36" filmerletravail.org
138.201.194.13 - - [13/Aug/2026:00:47:53 +0200] "GET /retour-en-images-les-ames-bossales/?path=%2Fhome%2Fclients%2F08ce2314c3c7e396ea36e41d2a860c5e%2Fsites%2Ffilmerletravail.org%2Fwp-content HTTP/1.1" 200 115585 "-" "serpstatbot/2.1 (advanced backlink tracking bot; https://serpstatbot.com/; abuse@serpstatbot.com)" filmerletravail.org
74.7.242.4 - - [13/Aug/2026:00:47:53 +0200] "GET /?path=%2Fsys%2Fmodule%2Fnls_cp437%2Fsections HTTP/1.1" 200 7007 "https://www.filmerletravail.org/?path=%2Fsys%2Fmodule%2Fnls_cp437" "Mozilla/5.0 AppleWebKit/537.36 (KHTML, like Gecko; compatible; GPTBot/1.4; +https://openai.com/gptbot)" filmerletravail.org
216.73.217.64 - - [13/Aug/2026:00:47:54 +0200] "GET /sitemap.xml?edit=%2Fsys%2Fdevices%2Fpci0000%3Aa0%2F0000%3Aa0%3A03.3%2F0000%3Aa1%3A00.4%2Fusb1%2Frx_lanes HTTP/1.1" 301 20106 "-" "Mozilla/5.0 AppleWebKit/537.36 (KHTML, like Gecko; compatible; ClaudeBot/1.0; +claudebot@anthropic.com)" filmerletravail.org
216.73.217.64 - - [13/Aug/2026:00:47:55 +0200] "GET /wp-sitemap.xml?edit=%2Fsys%2Fdevices%2Fpci0000%3Aa0%2F0000%3Aa0%3A03.3%2F0000%3Aa1%3A00.4%2Fusb1%2Frx_lanes HTTP/1.1" 200 5261 "http://filmerletravail.org/sitemap.xml?edit=%2Fsys%2Fdevices%2Fpci0000%3Aa0%2F0000%3Aa0%3A03.3%2F0000%3Aa1%3A00.4%2Fusb1%2Frx_lanes" "Mozilla/5.0 AppleWebKit/537.36 (KHTML, like Gecko; compatible; ClaudeBot/1.0; +claudebot@anthropic.com)" filmerletravail.org
66.249.68.64 - - [13/Aug/2026:00:47:54 +0200] "GET /film/sweet-sixteen/?edit=%2Fproc%2Fdiskstats HTTP/1.1" 200 110156 "-" "Mozilla/5.0 (Linux; Android 6.0.1; Nexus 5X Build/MMB29P) AppleWebKit/537.36 (KHTML, like Gecko) Chrome/150.0.7871.186 Mobile Safari/537.36 (compatible; Googlebot/2.1; +http://www.google.com/bot.html)" filmerletravail.org
64.190.76.11 - - [13/Aug/2026:00:47:55 +0200] "GET /?path=%2Fusr%2Flib HTTP/1.1" 200 113645 "-" "Mozilla/5.0 (Macintosh; Intel Mac OS X 10_15_7) AppleWebKit/537.36 (KHTML, like Gecko) Chrome/151.0.0.0 Safari/537.36" filmerletravail.org
50.116.87.45 - - [13/Aug/2026:00:47:55 +0200] "GET /wp-login.php HTTP/1.1" 200 16546 "-" "Mozilla/5.0 (Windows NT 10.0; Win64; x64) AppleWebKit/537.36 (KHTML, like Gecko) Chrome/133.0.0.0 Safari/537.36" filmerletravail.org
66.249.68.65 - - [13/Aug/2026:00:47:56 +0200] "GET /cine-debat-nos-batailles/?download=%2Fbin%2Ftouch HTTP/1.1" 200 101408 "-" "Mozilla/5.0 (Linux; Android 6.0.1; Nexus 5X Build/MMB29P) AppleWebKit/537.36 (KHTML, like Gecko) Chrome/150.0.7871.186 Mobile Safari/537.36 (compatible; Googlebot/2.1; +http://www.google.com/bot.html)" filmerletravail.org
64.190.76.11 - - [13/Aug/2026:00:47:56 +0200] "GET /favicon.ico HTTP/1.1" 200 7710 "https://filmerletravail.org/?path=%2Fusr%2Flib" "Mozilla/5.0 (Macintosh; Intel Mac OS X 10_15_7) AppleWebKit/537.36 (KHTML, like Gecko) Chrome/151.0.0.0 Safari/537.36" filmerletravail.org
2001:41d0:303:6f99::1 - - [13/Aug/2026:00:47:57 +0200] "GET /?edit=/home/clients/08ce2314c3c7e396ea36e41d2a860c5e/ik-logs/access.log-20260717.gz HTTP/1.1" 200 236939 "-" "Mozilla/5.0 (compatible; MJ12bot/v1.4.8; http://mj12bot.com/)" filmerletravail.org
66.249.68.65 - - [13/Aug/2026:00:47:57 +0200] "GET /film/sois-belle-et-tais-toi/?path=%2Fhome%2F.. HTTP/1.1" 200 112585 "-" "Mozilla/5.0 (Linux; Android 6.0.1; Nexus 5X Build/MMB29P) AppleWebKit/537.36 (KHTML, like Gecko) Chrome/150.0.7871.186 Mobile Safari/537.36 (compatible; Googlebot/2.1; +http://www.google.com/bot.html)" filmerletravail.org
34.196.114.170 - - [13/Aug/2026:00:47:57 +0200] "GET /les-inscriptions-pour-la-competition-internationale-de-ledition-2013-sont-closes/?path=/sys/module/sha256_ssse3 HTTP/1.1" 200 110134 "-" "Mozilla/5.0 AppleWebKit/537.36 (KHTML, like Gecko; compatible; Amazonbot/0.1; +https://developer.amazon.com/support/amazonbot) Chrome/119.0.6045.214 Safari/537.36" filmerletravail.org
50.116.87.45 - - [13/Aug/2026:00:47:57 +0200] "POST /wp-login.php HTTP/1.1" 200 16556 "https://filmerletravail.org/wp-login.php" "Mozilla/5.0 (Windows NT 10.0; Win64; x64) AppleWebKit/537.36 (KHTML, like Gecko) Chrome/133.0.0.0 Safari/537.36" filmerletravail.org
64.190.76.11 - - [13/Aug/2026:00:47:57 +0200] "GET /favicon.ico HTTP/1.1" 200 7710 "https://filmerletravail.org/?path=%2Fusr%2Flib" "Mozilla/5.0 (Macintosh; Intel Mac OS X 10_15_7) AppleWebKit/537.36 (KHTML, like Gecko) Chrome/151.0.0.0 Safari/537.36" filmerletravail.org
66.249.68.65 - - [13/Aug/2026:00:47:58 +0200] "GET /author/archives/page/53/?edit=%2Fsys%2Fkernel%2Firq%2F25%2Factions HTTP/1.1" 200 111673 "-" "Mozilla/5.0 (Linux; Android 6.0.1; Nexus 5X Build/MMB29P) AppleWebKit/537.36 (KHTML, like Gecko) Chrome/150.0.7871.186 Mobile Safari/537.36 (compatible; GoogleOther)" filmerletravail.org
64.190.76.11 - - [13/Aug/2026:00:47:58 +0200] "GET /favicon.ico HTTP/1.1" 200 7710 "https://filmerletravail.org/?path=%2Fusr%2Flib" "Mozilla/5.0 (Macintosh; Intel Mac OS X 10_15_7) AppleWebKit/537.36 (KHTML, like Gecko) Chrome/151.0.0.0 Safari/537.36" filmerletravail.org
191.128.7.76 - - [13/Aug/2026:00:48:00 +0200] "GET /?download=%2Fhome%2Fclients%2F08ce2314c3c7e396ea36e41d2a860c5e%2Fbackups%2F04-08-2026_10%3A06%3A23%2Fsites%2Ffilmerletravail.org%2Fwp-content%2Fplugins%2Fgravityforms%2Fincludes%2Fwizard%2Fsteps%2Fclass-gf-installation-wizard-step-background-updates.php HTTP/1.1" 200 4357 "https://filmerletravail.org/" "Mozilla/5.0 (X11; Linux x86_64) AppleWebKit/537.36 (KHTML, like Gecko) Chrome/120.0.6099.216 Safari/537.36" filmerletravail.org
18.204.89.56 - - [13/Aug/2026:00:48:01 +0200] "GET /wp-json/wp/v2/posts/1844?path=/var/cache/.. HTTP/1.1" 200 7779 "-" "Mozilla/5.0 AppleWebKit/537.36 (KHTML, like Gecko; compatible; Amazonbot/0.1; +https://developer.amazon.com/support/amazonbot) Chrome/119.0.6045.214 Safari/537.36" filmerletravail.org
138.201.194.13 - - [13/Aug/2026:00:48:02 +0200] "GET /retour-en-images-les-ames-bossales/?path=%2Fhome%2Fclients%2F08ce2314c3c7e396ea36e41d2a860c5e%2Fsites%2Ffilmerletravail.org HTTP/1.1" 200 116317 "-" "serpstatbot/2.1 (advanced backlink tracking bot; https://serpstatbot.com/; abuse@serpstatbot.com)" filmerletravail.org
74.7.243.229 - - [13/Aug/2026:00:48:03 +0200] "GET /?path=%2Fusr%2Flib%2Fx86_64-linux-gnu%2Fgawk HTTP/1.1" 200 112263 "https://filmerletravail.org/?path=%2Fusr%2Flib%2Fx86_64-linux-gnu" "Mozilla/5.0 AppleWebKit/537.36 (KHTML, like Gecko; compatible; GPTBot/1.4; +https://openai.com/gptbot)" filmerletravail.org
35.173.18.61 - - [13/Aug/2026:00:48:03 +0200] "GET /parution-de-lactualite-poitou-charentes-le-cinema-en-poitou-charentes/?path=/usr/share/perl5/Debconf HTTP/1.1" 200 111219 "-" "Mozilla/5.0 AppleWebKit/537.36 (KHTML, like Gecko; compatible; Amazonbot/0.1; +https://developer.amazon.com/support/amazonbot) Chrome/119.0.6045.214 Safari/537.36" filmerletravail.org
216.73.217.64 - - [13/Aug/2026:00:48:04 +0200] "GET /wp-admin/install.php?download=%2Fsys%2Fdevices%2Fpci0000%3Ac0%2F0000%3Ac0%3A01.1%2F0000%3Ac1%3A00.0%2Fhost0%2Ftarget0%3A3%3A110%2F0%3A3%3A110%3A0%2Fvpd_pg0 HTTP/1.1" 200 9 "-" "Mozilla/5.0 AppleWebKit/537.36 (KHTML, like Gecko; compatible; ClaudeBot/1.0; +claudebot@anthropic.com)" filmerletravail.org
74.7.242.4 - - [13/Aug/2026:00:48:03 +0200] "GET /?path=%2Fsys%2Fmodule%2Fnls_cp437%2Fholders HTTP/1.1" 200 5595 "https://www.filmerletravail.org/?path=%2Fsys%2Fmodule%2Fnls_cp437" "Mozilla/5.0 AppleWebKit/537.36 (KHTML, like Gecko; compatible; GPTBot/1.4; +https://openai.com/gptbot)" filmerletravail.org
66.249.68.64 - - [13/Aug/2026:00:48:06 +0200] "GET /evenement/les-amis-du-monde-diplomatique-au-boulot/?edit=%2Fusr%2Flib%2Fpython3.9%2Fsched.py HTTP/1.1" 200 112866 "-" "Mozilla/5.0 (Linux; Android 6.0.1; Nexus 5X Build/MMB29P) AppleWebKit/537.36 (KHTML, like Gecko) Chrome/150.0.7871.186 Mobile Safari/537.36 (compatible; GoogleOther)" filmerletravail.org
3.93.211.16 - - [13/Aug/2026:00:48:08 +0200] "GET /wp-content/uploads/2020/02/Plan?path=/sys/bus/event_source/drivers HTTP/1.1" 200 109143 "-" "Mozilla/5.0 AppleWebKit/537.36 (KHTML, like Gecko; compatible; Amazonbot/0.1; +https://developer.amazon.com/support/amazonbot) Chrome/119.0.6045.214 Safari/537.36" filmerletravail.org
2001:41d0:303:6f99::1 - - [13/Aug/2026:00:48:08 +0200] "GET /?edit=/home/clients/08ce2314c3c7e396ea36e41d2a860c5e/ik-logs/error.log-20260807.gz HTTP/1.1" 200 95788 "-" "Mozilla/5.0 (compatible; MJ12bot/v1.4.8; http://mj12bot.com/)" filmerletravail.org
66.249.68.64 - - [13/Aug/2026:00:48:11 +0200] "GET /film/sweet-sixteen/?edit=%2Fproc%2Fcgroups HTTP/1.1" 200 109758 "-" "Mozilla/5.0 (Linux; Android 6.0.1; Nexus 5X Build/MMB29P) AppleWebKit/537.36 (KHTML, like Gecko) Chrome/150.0.7871.186 Mobile Safari/537.36 (compatible; Googlebot/2.1; +http://www.google.com/bot.html)" filmerletravail.org
34.224.132.215 - - [13/Aug/2026:00:48:12 +0200] "GET /la-forteresse-europe/?download=/proc/sys/fs/aio-nr HTTP/1.1" 200 2 "-" "Mozilla/5.0 AppleWebKit/537.36 (KHTML, like Gecko; compatible; Amazonbot/0.1; +https://developer.amazon.com/support/amazonbot) Chrome/119.0.6045.214 Safari/537.36" filmerletravail.org
138.201.194.13 - - [13/Aug/2026:00:48:12 +0200] "GET /retour-en-images-les-ames-bossales/?path=%2Fhome%2Fclients%2F08ce2314c3c7e396ea36e41d2a860c5e%2Fsites HTTP/1.1" 200 113582 "-" "serpstatbot/2.1 (advanced backlink tracking bot; https://serpstatbot.com/; abuse@serpstatbot.com)" filmerletravail.org
74.7.243.229 - - [13/Aug/2026:00:48:13 +0200] "GET /?path=%2Fusr%2Flib%2Fx86_64-linux-gnu%2Fawk HTTP/1.1" 200 111217 "https://filmerletravail.org/?path=%2Fusr%2Flib%2Fx86_64-linux-gnu" "Mozilla/5.0 AppleWebKit/537.36 (KHTML, like Gecko; compatible; GPTBot/1.4; +https://openai.com/gptbot)" filmerletravail.org
66.249.68.65 - - [13/Aug/2026:00:48:13 +0200] "GET /author/archives/page/2/?edit=%2Fsys%2Fkernel%2Firq%2F73%2Fper_cpu_count HTTP/1.1" 200 111864 "-" "Mozilla/5.0 (Linux; Android 6.0.1; Nexus 5X Build/MMB29P) AppleWebKit/537.36 (KHTML, like Gecko) Chrome/150.0.7871.186 Mobile Safari/537.36 (compatible; GoogleOther)" filmerletravail.org
74.7.242.4 - - [13/Aug/2026:00:48:14 +0200] "GET /?path=%2Fsys%2Fmodule%2Fzstd_compress%2F.. HTTP/1.1" 200 16306 "https://www.filmerletravail.org/?path=%2Fsys%2Fmodule%2Fzstd_compress" "Mozilla/5.0 AppleWebKit/537.36 (KHTML, like Gecko; compatible; GPTBot/1.4; +https://openai.com/gptbot)" filmerletravail.org
216.73.217.64 - - [13/Aug/2026:00:48:15 +0200] "GET /lassociation/equipe/?download=%2Fusr%2Fshare%2Fzoneinfo%2Fposix%2FAustralia%2FWest HTTP/1.1" 200 468 "-" "Mozilla/5.0 AppleWebKit/537.36 (KHTML, like Gecko; compatible; ClaudeBot/1.0; +claudebot@anthropic.com)" filmerletravail.org
184.73.195.18 - - [13/Aug/2026:00:48:15 +0200] "GET /wp-content/uploads/2018/04/flyer-26avril.pdf?path=/proc/1/ns HTTP/1.1" 200 110296 "-" "Mozilla/5.0 AppleWebKit/537.36 (KHTML, like Gecko; compatible; Amazonbot/0.1; +https://developer.amazon.com/support/amazonbot) Chrome/119.0.6045.214 Safari/537.36" filmerletravail.org
116.204.9.200 - - [13/Aug/2026:00:48:15 +0200] "GET /advanced-roulette-for-experts-usa-for-mobile/?download=%2Fhome%2Fclients%2F08ce2314c3c7e396ea36e41d2a860c5e%2Fsites%2Ffilmerletravail.org%2Fwp-content%2Fmu-plugins%2Fdb-77.php HTTP/1.1" 200 74 "-" "Mozilla/5.0 (Windows NT 10.0; Win64; x64) AppleWebKit/537.36 (KHTML, like Gecko) Chrome/150.0.0.0 Safari/537.36" filmerletravail.org
116.204.9.200 - - [13/Aug/2026:00:48:15 +0200] "GET /advanced-roulette-for-experts-usa-for-mobile/?download=858892360 HTTP/1.1" 200 112196 "-" "Mozilla/5.0 (Windows NT 10.0; Win64; x64) AppleWebKit/537.36 (KHTML, like Gecko) Chrome/150.0.0.0 Safari/537.36" filmerletravail.org
116.204.9.200 - - [13/Aug/2026:00:48:16 +0200] "GET /wp-includes/js/jquery/jquery-migrate.min.js HTTP/1.1" 200 4872 "https://filmerletravail.org/advanced-roulette-for-experts-usa-for-mobile/?download=858892360" "Mozilla/5.0 (Windows NT 10.0; Win64; x64) AppleWebKit/537.36 (KHTML, like Gecko) Chrome/150.0.0.0 Safari/537.36" filmerletravail.org
116.204.9.200 - - [13/Aug/2026:00:48:17 +0200] "GET /wp-includes/js/wp-emoji-release.min.js HTTP/1.1" 200 5386 "https://filmerletravail.org/advanced-roulette-for-experts-usa-for-mobile/?download=858892360" "Mozilla/5.0 (Windows NT 10.0; Win64; x64) AppleWebKit/537.36 (KHTML, like Gecko) Chrome/150.0.0.0 Safari/537.36" filmerletravail.org
34.225.243.131 - - [13/Aug/2026:00:48:19 +0200] "GET /devenir-jure-du-prix-special-du-public-2/?edit=/sys/bus/dax/drivers_autoprobe HTTP/1.1" 200 108609 "-" "Mozilla/5.0 AppleWebKit/537.36 (KHTML, like Gecko; compatible; Amazonbot/0.1; +https://developer.amazon.com/support/amazonbot) Chrome/119.0.6045.214 Safari/537.36" filmerletravail.org
2001:41d0:303:6f99::1 - - [13/Aug/2026:00:48:19 +0200] "GET /?edit=/sbin/runuser HTTP/1.1" 200 30712 "-" "Mozilla/5.0 (compatible; MJ12bot/v1.4.8; http://mj12bot.com/)" filmerletravail.org
66.249.68.64 - - [13/Aug/2026:00:48:21 +0200] "GET /author/archives/page/50/?edit=%2Fusr%2Flib%2Flocale%2Fzh_CN.utf8%2FLC_MEASUREMENT HTTP/1.1" 200 112841 "-" "Mozilla/5.0 (Linux; Android 6.0.1; Nexus 5X Build/MMB29P) AppleWebKit/537.36 (KHTML, like Gecko) Chrome/150.0.7871.186 Mobile Safari/537.36 (compatible; GoogleOther)" filmerletravail.org
138.201.194.13 - - [13/Aug/2026:00:48:22 +0200] "GET /retour-en-images-les-ames-bossales/?path=%2Fhome%2Fclients%2F08ce2314c3c7e396ea36e41d2a860c5e HTTP/1.1" 200 114000 "-" "serpstatbot/2.1 (advanced backlink tracking bot; https://serpstatbot.com/; abuse@serpstatbot.com)" filmerletravail.org
3.90.73.206 - - [13/Aug/2026:00:48:23 +0200] "GET /play-live-roulette-usa-for-mobile-a-comprehensive-guide/?path=/usr/lib/locale/fr_FR.utf8 HTTP/1.1" 200 111535 "-" "Mozilla/5.0 AppleWebKit/537.36 (KHTML, like Gecko; compatible; Amazonbot/0.1; +https://developer.amazon.com/support/amazonbot) Chrome/119.0.6045.214 Safari/537.36" filmerletravail.org
123.26.115.183 - - [13/Aug/2026:00:48:18 +0200] "GET /les-evenements-a-venir?download=%2Fhome%2Fclients%2F08ce2314c3c7e396ea36e41d2a860c5e%2Fsites%2Ffilmerletravail.org%2Fwp-content%2Fplugins%2Fupdraftplus%2Fvendor%2Fsymfony%2Fevent-dispatcher%2Feventsubscriberinterface.php HTTP/1.1" 200 7086 "https://filmerletravail.org/" "Mozilla/5.0 (Windows NT 10.0; Win64; x64) AppleWebKit/537.36 (KHTML, like Gecko) Chrome/121.0.0.0 Safari/537.36 Edg/121.0.0.0" filmerletravail.org
74.7.243.229 - - [13/Aug/2026:00:48:24 +0200] "GET /?edit=%2Fusr%2Flib%2Fx86_64-linux-gnu%2Fliblqr-1.so.0 HTTP/1.1" 200 133364 "https://filmerletravail.org/?path=%2Fusr%2Flib%2Fx86_64-linux-gnu" "Mozilla/5.0 AppleWebKit/537.36 (KHTML, like Gecko; compatible; GPTBot/1.4; +https://openai.com/gptbot)" filmerletravail.org
74.7.242.4 - - [13/Aug/2026:00:48:24 +0200] "GET /?download=%2Fsys%2Fmodule%2Fnls_cp437%2Fnotes%2F.note.gnu.build-id HTTP/1.1" 200 36 "https://www.filmerletravail.org/?path=%2Fsys%2Fmodule%2Fnls_cp437%2Fnotes" "Mozilla/5.0 AppleWebKit/537.36 (KHTML, like Gecko; compatible; GPTBot/1.4; +https://openai.com/gptbot)" filmerletravail.org
216.73.217.64 - - [13/Aug/2026:00:48:25 +0200] "GET /lassociation/equipe/?edit=%2Fusr%2Fshare%2Fzoneinfo%2Fposix%2FAustralia%2FAdelaide HTTP/1.1" 200 110287 "-" "Mozilla/5.0 AppleWebKit/537.36 (KHTML, like Gecko; compatible; ClaudeBot/1.0; +claudebot@anthropic.com)" filmerletravail.org
98.84.70.201 - - [13/Aug/2026:00:48:27 +0200] "GET /wp-json/wp/v2/posts/1568?download=/proc/sys/kernel/hung_task_all_cpu_backtrace HTTP/1.1" 200 2 "-" "Mozilla/5.0 AppleWebKit/537.36 (KHTML, like Gecko; compatible; Amazonbot/0.1; +https://developer.amazon.com/support/amazonbot) Chrome/119.0.6045.214 Safari/537.36" filmerletravail.org
66.249.68.64 - - [13/Aug/2026:00:48:28 +0200] "GET /usines-en-textes-ecritures-au-travail-de-corinne-grenouillet/?download=%2Fetc%2Flocale.gen HTTP/1.1" 200 9373 "-" "Mozilla/5.0 (Linux; Android 6.0.1; Nexus 5X Build/MMB29P) AppleWebKit/537.36 (KHTML, like Gecko) Chrome/150.0.7871.186 Mobile Safari/537.36 (compatible; Googlebot/2.1; +http://www.google.com/bot.html)" filmerletravail.org
66.249.68.64 - - [13/Aug/2026:00:48:29 +0200] "GET /evenement/les-amis-du-monde-diplomatique-au-boulot/?edit=%2Fusr%2Flib%2Fpython3.9%2F_sysconfigdata__linux_x86_64-linux-gnu.py HTTP/1.1" 200 118252 "-" "Mozilla/5.0 (Linux; Android 6.0.1; Nexus 5X Build/MMB29P) AppleWebKit/537.36 (KHTML, like Gecko) Chrome/150.0.7871.186 Mobile Safari/537.36 (compatible; GoogleOther)" filmerletravail.org
2001:41d0:303:6f99::1 - - [13/Aug/2026:00:48:30 +0200] "GET /?edit=/sbin/setcap HTTP/1.1" 200 8567 "-" "Mozilla/5.0 (compatible; MJ12bot/v1.4.8; http://mj12bot.com/)" filmerletravail.org
52.73.6.26 - - [13/Aug/2026:00:48:31 +0200] "GET /parution-de-lactualite-poitou-charentes-le-cinema-en-poitou-charentes/?edit=/usr/share/zoneinfo/CST6CDT HTTP/1.1" 200 109679 "-" "Mozilla/5.0 AppleWebKit/537.36 (KHTML, like Gecko; compatible; Amazonbot/0.1; +https://developer.amazon.com/support/amazonbot) Chrome/119.0.6045.214 Safari/537.36" filmerletravail.org
43.173.180.220 - - [13/Aug/2026:00:48:32 +0200] "GET /film/hospital?download=%2Fhome%2Fclients%2F08ce2314c3c7e396ea36e41d2a860c5e%2Fsites%2Ffilmerletravail.org%2Fwp-content%2Fmu-plugins%2Floan-chretien-hamardfilmerletravail-org HTTP/1.1" 200 - "-" "Mozilla/5.0 (Windows NT 10.0; Win64; x64) AppleWebKit/537.36 (KHTML, like Gecko) Chrome/133.0.0.0 Safari/537.36" filmerletravail.org
66.249.68.64 - - [13/Aug/2026:00:48:32 +0200] "GET /film/sweet-sixteen/?download=%2Fproc%2Fdiskstats HTTP/1.1" 200 1028 "-" "Mozilla/5.0 (Linux; Android 6.0.1; Nexus 5X Build/MMB29P) AppleWebKit/537.36 (KHTML, like Gecko) Chrome/150.0.7871.186 Mobile Safari/537.36 (compatible; Googlebot/2.1; +http://www.google.com/bot.html)" filmerletravail.org
138.201.194.13 - - [13/Aug/2026:00:48:32 +0200] "GET /retour-en-images-les-ames-bossales/?path=%2Fhome%2Fclients HTTP/1.1" 200 113536 "-" "serpstatbot/2.1 (advanced backlink tracking bot; https://serpstatbot.com/; abuse@serpstatbot.com)" filmerletravail.org
74.7.243.229 - - [13/Aug/2026:00:48:34 +0200] "GET /?edit=%2Fusr%2Flib%2Fx86_64-linux-gnu%2Flibzip.so.4.0 HTTP/1.1" 200 155817 "https://filmerletravail.org/?path=%2Fusr%2Flib%2Fx86_64-linux-gnu" "Mozilla/5.0 AppleWebKit/537.36 (KHTML, like Gecko; compatible; GPTBot/1.4; +https://openai.com/gptbot)" filmerletravail.org
95.67.96.62 - - [13/Aug/2026:00:48:33 +0200] "GET /education-a-limage?path=%2Fsys%2Fdevices%2Flnxsystm%3A00%2Flnxsybus%3A00%2Facpi0004%3A00%2Flnxcpu%3A32 HTTP/1.1" 200 7086 "https://filmerletravail.org/" "Mozilla/5.0 (Windows NT 10.0; Win64; x64) AppleWebKit/537.36 (KHTML, like Gecko) Chrome/120.0.0.0 Safari/537.36 Edg/120.0.0.0" filmerletravail.org
74.7.242.4 - - [13/Aug/2026:00:48:34 +0200] "GET /?download=%2Fsys%2Fmodule%2Fnls_cp437%2Fnotes%2F.note.Linux HTTP/1.1" 200 68 "https://www.filmerletravail.org/?path=%2Fsys%2Fmodule%2Fnls_cp437%2Fnotes" "Mozilla/5.0 AppleWebKit/537.36 (KHTML, like Gecko; compatible; GPTBot/1.4; +https://openai.com/gptbot)" filmerletravail.org
216.73.217.64 - - [13/Aug/2026:00:48:35 +0200] "GET /lassociation/equipe/?download=%2Fusr%2Fbin%2Fgpg-wks-server HTTP/1.1" 200 195504 "-" "Mozilla/5.0 AppleWebKit/537.36 (KHTML, like Gecko; compatible; ClaudeBot/1.0; +claudebot@anthropic.com)" filmerletravail.org
3.212.219.113 - - [13/Aug/2026:00:48:36 +0200] "GET /wp-json/wp/v2/posts/1636?edit=/opt/php8.5/bin/php-config HTTP/1.1" 200 8016 "-" "Mozilla/5.0 AppleWebKit/537.36 (KHTML, like Gecko; compatible; Amazonbot/0.1; +https://developer.amazon.com/support/amazonbot) Chrome/119.0.6045.214 Safari/537.36" filmerletravail.org
66.249.68.64 - - [13/Aug/2026:00:48:38 +0200] "GET /author/archives/page/51/?path=%2Fsys%2Fkernel%2Fslab%2F%3A0000640%2F.. HTTP/1.1" 200 133199 "-" "Mozilla/5.0 (Linux; Android 6.0.1; Nexus 5X Build/MMB29P) AppleWebKit/537.36 (KHTML, like Gecko) Chrome/150.0.7871.186 Mobile Safari/537.36 (compatible; GoogleOther)" filmerletravail.org
66.249.68.64 - - [13/Aug/2026:00:48:39 +0200] "GET /film/sweet-sixteen/?download=%2Fproc%2Fkallsyms HTTP/1.1" 200 7843023 "-" "Mozilla/5.0 (Linux; Android 6.0.1; Nexus 5X Build/MMB29P) AppleWebKit/537.36 (KHTML, like Gecko) Chrome/150.0.7871.186 Mobile Safari/537.36 (compatible; Googlebot/2.1; +http://www.google.com/bot.html)" filmerletravail.org
98.83.177.42 - - [13/Aug/2026:00:48:39 +0200] "GET /wp-content/uploads/2020/02/Plan?edit=/proc/7/net/igmp6 HTTP/1.1" 200 108639 "-" "Mozilla/5.0 AppleWebKit/537.36 (KHTML, like Gecko; compatible; Amazonbot/0.1; +https://developer.amazon.com/support/amazonbot) Chrome/119.0.6045.214 Safari/537.36" filmerletravail.org
66.249.68.64 - - [13/Aug/2026:00:48:41 +0200] "GET /soiree-courts-metrages-a-la-rencontre-de-deux-festivals/?path=%2Fhome%2Fclients%2F08ce2314c3c7e396ea36e41d2a860c5e%2Fsites%2Ffilmerletravail.org%2Ftmp HTTP/1.1" 200 112108 "-" "Mozilla/5.0 (Linux; Android 6.0.1; Nexus 5X Build/MMB29P) AppleWebKit/537.36 (KHTML, like Gecko) Chrome/150.0.7871.186 Mobile Safari/537.36 (compatible; Googlebot/2.1; +http://www.google.com/bot.html)" filmerletravail.org
2001:41d0:303:6f99::1 - - [13/Aug/2026:00:48:42 +0200] "GET /?edit=/sbin/shadowconfig HTTP/1.1" 200 5196 "-" "Mozilla/5.0 (compatible; MJ12bot/v1.4.8; http://mj12bot.com/)" filmerletravail.org
138.201.194.13 - - [13/Aug/2026:00:48:42 +0200] "GET /retour-en-images-les-ames-bossales/?path=%2Fhome HTTP/1.1" 200 113595 "-" "serpstatbot/2.1 (advanced backlink tracking bot; https://serpstatbot.com/; abuse@serpstatbot.com)" filmerletravail.org
3.94.156.104 - - [13/Aug/2026:00:48:44 +0200] "GET /10-ans-cine-attac-images-mouvementees-projection-debat-genese-dun-repas/?path=/opt/php8.5/include/php HTTP/1.1" 200 110493 "-" "Mozilla/5.0 AppleWebKit/537.36 (KHTML, like Gecko; compatible; Amazonbot/0.1; +https://developer.amazon.com/support/amazonbot) Chrome/119.0.6045.214 Safari/537.36" filmerletravail.org
74.7.243.229 - - [13/Aug/2026:00:48:45 +0200] "GET /?path=%2Fsys%2Fmodule%2Fscsi_transport_sas HTTP/1.1" 200 111983 "https://filmerletravail.org/?edit=%2Fsys%2Fmodule%2Fscsi_transport_sas%2Ftaint" "Mozilla/5.0 AppleWebKit/537.36 (KHTML, like Gecko; compatible; GPTBot/1.4; +https://openai.com/gptbot)" filmerletravail.org
216.73.217.64 - - [13/Aug/2026:00:48:45 +0200] "GET /?edit=%2Fhome%2Fclients%2F08ce2314c3c7e396ea36e41d2a860c5e%2Fsites%2Ffilmerletravail.org%2Fwp-includes%2Fwp-diff.php HTTP/1.1" 200 110522 "-" "Mozilla/5.0 AppleWebKit/537.36 (KHTML, like Gecko; compatible; ClaudeBot/1.0; +claudebot@anthropic.com)" filmerletravail.org
74.7.242.4 - - [13/Aug/2026:00:48:45 +0200] "GET /?edit=%2Fsys%2Fmodule%2Fscsi_transport_sas%2Fnotes%2F.note.gnu.build-id HTTP/1.1" 301 20692 "https://www.filmerletravail.org/?path=%2Fsys%2Fmodule%2Fscsi_transport_sas%2Fnotes" "Mozilla/5.0 AppleWebKit/537.36 (KHTML, like Gecko; compatible; GPTBot/1.4; +https://openai.com/gptbot)" filmerletravail.org
66.249.68.66 - - [13/Aug/2026:00:48:46 +0200] "GET /author/archives/page/44/?path=%2Fsys%2Fkernel%2Fslab%2Ftcp_bind_bucket HTTP/1.1" 200 115763 "-" "Mozilla/5.0 (Linux; Android 6.0.1; Nexus 5X Build/MMB29P) AppleWebKit/537.36 (KHTML, like Gecko) Chrome/150.0.7871.186 Mobile Safari/537.36 (compatible; GoogleOther)" filmerletravail.org
14.174.121.177 - - [13/Aug/2026:00:48:47 +0200] "GET /?download=%2Fhome%2Fclients%2F08ce2314c3c7e396ea36e41d2a860c5e%2Fbackups%2F04-08-2026_10%3A06%3A23%2Fsites%2Ffilmerletravail.org%2Fwp-content%2Fplugins%2Fgravityforms%2Fjs%2Fpage_conditional_logic.min.js HTTP/1.1" 200 2396 "https://filmerletravail.org/" "Mozilla/5.0 (Windows NT 10.0; Win64; x64) AppleWebKit/537.36 (KHTML, like Gecko) Chrome/130.0.6723.70 Safari/537.36" filmerletravail.org
52.205.113.104 - - [13/Aug/2026:00:48:48 +0200] "GET /%D0%BA%D0%B0%D0%BA-%D0%BA%D0%B0%D0%B7%D0%B0%D1%85%D1%81%D1%82%D0%B0%D0%BD%D1%81%D0%BA%D0%B8%D0%B5-%D0%B3%D0%B5%D0%B9%D0%BC%D0%B5%D1%80%D1%8B-%D0%BE%D1%82%D0%BA%D1%80%D1%8B%D0%B2%D0%B0%D1%8E%D1%82/'%20.%20esc_url(%20$shortlink%20)%20.%20' HTTP/1.1" 200 7085 "-" "Mozilla/5.0 AppleWebKit/537.36 (KHTML, like Gecko; compatible; Amazonbot/0.1; +https://developer.amazon.com/support/amazonbot) Chrome/119.0.6045.214 Safari/537.36" filmerletravail.org
66.249.68.66 - - [13/Aug/2026:00:48:49 +0200] "GET /film/sweet-sixteen/?download=%2Fproc%2Ffilesystems HTTP/1.1" 200 472 "-" "Mozilla/5.0 (Linux; Android 6.0.1; Nexus 5X Build/MMB29P) AppleWebKit/537.36 (KHTML, like Gecko) Chrome/150.0.7871.186 Mobile Safari/537.36 (compatible; Googlebot/2.1; +http://www.google.com/bot.html)" filmerletravail.org
54.147.182.90 - - [13/Aug/2026:00:48:51 +0200] "GET /wp-content/uploads/2020/02/Plan?download=/lib/terminfo/v/vt100 HTTP/1.1" 200 1190 "-" "Mozilla/5.0 AppleWebKit/537.36 (KHTML, like Gecko; compatible; Amazonbot/0.1; +https://developer.amazon.com/support/amazonbot) Chrome/119.0.6045.214 Safari/537.36" filmerletravail.org
66.249.68.67 - - [13/Aug/2026:00:48:50 +0200] "GET /thenines-casino-com-71984-2/?edit=%2Fusr%2Fshare%2Finfo%2Fnano.info.gz HTTP/1.1" 200 132459 "-" "Mozilla/5.0 (Linux; Android 6.0.1; Nexus 5X Build/MMB29P) AppleWebKit/537.36 (KHTML, like Gecko) Chrome/150.0.7871.186 Mobile Safari/537.36 (compatible; Googlebot/2.1; +http://www.google.com/bot.html)" filmerletravail.org
66.249.68.66 - - [13/Aug/2026:00:48:54 +0200] "GET /author/archives/page/6/?path=%2Fusr%2Flib%2Flocale%2Fde_AT.utf8 HTTP/1.1" 200 114325 "-" "Mozilla/5.0 (Linux; Android 6.0.1; Nexus 5X Build/MMB29P) AppleWebKit/537.36 (KHTML, like Gecko) Chrome/150.0.7871.186 Mobile Safari/537.36 (compatible; GoogleOther)" filmerletravail.org
2001:41d0:303:6f99::1 - - [13/Aug/2026:00:48:53 +0200] "GET /?edit=/sbin/start-stop-daemon HTTP/1.1" 200 19334 "-" "Mozilla/5.0 (compatible; MJ12bot/v1.4.8; http://mj12bot.com/)" filmerletravail.org
138.201.194.13 - - [13/Aug/2026:00:48:54 +0200] "GET /retour-en-images-les-ames-bossales/?path=%2F HTTP/1.1" 200 115131 "-" "serpstatbot/2.1 (advanced backlink tracking bot; https://serpstatbot.com/; abuse@serpstatbot.com)" filmerletravail.org
34.239.197.197 - - [13/Aug/2026:00:48:55 +0200] "GET /wp-content/uploads/2019/10/AcreParfumImmortelles2_Gre?edit=/sys/module/sd_mod/refcnt HTTP/1.1" 404 306250 "-" "Mozilla/5.0 AppleWebKit/537.36 (KHTML, like Gecko; compatible; Amazonbot/0.1; +https://developer.amazon.com/support/amazonbot) Chrome/119.0.6045.214 Safari/537.36" filmerletravail.org
74.7.242.4 - - [13/Aug/2026:00:48:55 +0200] "GET /?path=%2Fsys%2Fmodule%2Fnls_cp437%2Fnotes%2F.. HTTP/1.1" 200 6476 "https://www.filmerletravail.org/?path=%2Fsys%2Fmodule%2Fnls_cp437%2Fnotes" "Mozilla/5.0 AppleWebKit/537.36 (KHTML, like Gecko; compatible; GPTBot/1.4; +https://openai.com/gptbot)" filmerletravail.org
74.7.243.229 - - [13/Aug/2026:00:48:55 +0200] "GET /?edit=%2Fusr%2Flib%2Fx86_64-linux-gnu%2Flibzzipmmapped-0.so.12 HTTP/1.1" 200 116761 "https://filmerletravail.org/?path=%2Fusr%2Flib%2Fx86_64-linux-gnu" "Mozilla/5.0 AppleWebKit/537.36 (KHTML, like Gecko; compatible; GPTBot/1.4; +https://openai.com/gptbot)" filmerletravail.org
66.249.68.67 - - [13/Aug/2026:00:48:58 +0200] "GET /soiree-courts-metrages-a-la-rencontre-de-deux-festivals/?edit=%2Fhome%2Fclients%2F08ce2314c3c7e396ea36e41d2a860c5e%2Fsites%2Ffilmerletravail.org%2Fwp-includes%2Fclass-wp-recovery-mode-key-service.php HTTP/1.1" 200 111364 "-" "Mozilla/5.0 (Linux; Android 6.0.1; Nexus 5X Build/MMB29P) AppleWebKit/537.36 (KHTML, like Gecko) Chrome/150.0.7871.186 Mobile Safari/537.36 (compatible; Googlebot/2.1; +http://www.google.com/bot.html)" filmerletravail.org
98.82.66.172 - - [13/Aug/2026:00:48:59 +0200] "GET /parution-de-lactualite-poitou-charentes-le-cinema-en-poitou-charentes/?path=/usr/share/zoneinfo/.. HTTP/1.1" 200 113701 "-" "Mozilla/5.0 AppleWebKit/537.36 (KHTML, like Gecko; compatible; Amazonbot/0.1; +https://developer.amazon.com/support/amazonbot) Chrome/119.0.6045.214 Safari/537.36" filmerletravail.org
66.249.68.66 - - [13/Aug/2026:00:48:59 +0200] "GET /film/sweet-sixteen/?edit=%2Fproc%2Fkpagecount HTTP/1.1" 200 109760 "-" "Mozilla/5.0 (Linux; Android 6.0.1; Nexus 5X Build/MMB29P) AppleWebKit/537.36 (KHTML, like Gecko) Chrome/150.0.7871.186 Mobile Safari/537.36 (compatible; Googlebot/2.1; +http://www.google.com/bot.html)" filmerletravail.org
216.73.217.64 - - [13/Aug/2026:00:48:59 +0200] "GET /lassociation/a-propos/?edit=%2Fusr%2Flib%2Flocale%2Fde_DE%2FLC_IDENTIFICATION HTTP/1.1" 200 114959 "-" "Mozilla/5.0 AppleWebKit/537.36 (KHTML, like Gecko; compatible; ClaudeBot/1.0; +claudebot@anthropic.com)" filmerletravail.org
190.133.59.130 - - [13/Aug/2026:00:48:59 +0200] "GET /les-evenements-a-venir?edit=%2Fhome%2Fclients%2F08ce2314c3c7e396ea36e41d2a860c5e%2Fsites%2Ffilmerletravail.org%2Fwp-content%2Fplugins%2Fupdraftplus%2Fvendor%2Fsymfony%2Fevent-dispatcher%2Freadme.md HTTP/1.1" 200 7082 "https://filmerletravail.org/" "Mozilla/5.0 (Macintosh; Intel Mac OS X 10_15_7) AppleWebKit/605.1.15 (KHTML, like Gecko) Version/17.1 Safari/605.1.15" filmerletravail.org
38.41.42.24 - - [13/Aug/2026:00:49:00 +0200] "GET /les-evenements-a-venir?path=%2Fhome%2Fclients%2F08ce2314c3c7e396ea36e41d2a860c5e%2Fsites%2Ffilmerletravail.org%2Fwp-content%2Fplugins%2Fupdraftplus%2Fvendor%2Fsymfony%2Fevent-dispatcher%2Fdebug HTTP/1.1" 200 7085 "https://filmerletravail.org/" "Mozilla/5.0 (Windows NT 10.0; Win64; x64) AppleWebKit/537.36 (KHTML, like Gecko) Chrome/121.0.0.0 Safari/537.36 Edg/121.0.0.0" filmerletravail.org
66.249.68.67 - - [13/Aug/2026:00:49:02 +0200] "GET /evenement/les-amis-du-monde-diplomatique-au-boulot/?edit=%2Fusr%2Flib%2Fpython3.9%2Fsite.py HTTP/1.1" 200 117780 "-" "Mozilla/5.0 (Linux; Android 6.0.1; Nexus 5X Build/MMB29P) AppleWebKit/537.36 (KHTML, like Gecko) Chrome/150.0.7871.186 Mobile Safari/537.36 (compatible; GoogleOther)" filmerletravail.org
98.84.184.80 - - [13/Aug/2026:00:49:03 +0200] "GET /wp-content/uploads/2019/10/AcreParfumImmortelles2_Gre?path=/sys/module/syscall HTTP/1.1" 200 109456 "-" "Mozilla/5.0 AppleWebKit/537.36 (KHTML, like Gecko; compatible; Amazonbot/0.1; +https://developer.amazon.com/support/amazonbot) Chrome/119.0.6045.214 Safari/537.36" filmerletravail.org
91.186.250.129 - - [13/Aug/2026:00:49:04 +0200] "GET /?edit=%2Fhome%2Fclients%2F08ce2314c3c7e396ea36e41d2a860c5e%2Fbackups%2F04-08-2026_10%3A06%3A23%2Fsites%2Ffilmerletravail.org%2Fwp-content%2Fplugins%2Fgravityforms%2Fjs%2Fjquery.maskedinput-1.3.1.min.js HTTP/1.1" 200 112316 "https://filmerletravail.org/" "Mozilla/5.0 (Macintosh; Intel Mac OS X 10.15; rv:125.0) Gecko/20100101 Firefox/125.0" filmerletravail.org
74.7.243.229 - - [13/Aug/2026:00:49:06 +0200] "GET /?path=%2Fsys%2Fmodule%2Fsha512_generic%2F.. HTTP/1.1" 200 122735 "https://filmerletravail.org/?path=%2Fsys%2Fmodule%2Fsha512_generic" "Mozilla/5.0 AppleWebKit/537.36 (KHTML, like Gecko; compatible; GPTBot/1.4; +https://openai.com/gptbot)" filmerletravail.org
138.201.194.13 - - [13/Aug/2026:00:49:06 +0200] "GET /retour-en-images-les-ames-bossales/?edit=%2Fhome%2Fclients%2F08ce2314c3c7e396ea36e41d2a860c5e%2Fsites%2Ffilmerletravail.org%2Fwp-content%2Fmu-plugins%2Fsunrise-77.php HTTP/1.1" 200 114295 "-" "serpstatbot/2.1 (advanced backlink tracking bot; https://serpstatbot.com/; abuse@serpstatbot.com)" filmerletravail.org
2001:41d0:303:6f99::1 - - [13/Aug/2026:00:49:06 +0200] "GET /?edit=/sbin/sulogin HTTP/1.1" 200 22367 "-" "Mozilla/5.0 (compatible; MJ12bot/v1.4.8; http://mj12bot.com/)" filmerletravail.org
74.7.242.4 - - [13/Aug/2026:00:49:07 +0200] "GET /?edit=%2Fsys%2Fmodule%2Fnls_cp437%2Fnotes%2F.note.gnu.build-id HTTP/1.1" 301 20675 "https://www.filmerletravail.org/?path=%2Fsys%2Fmodule%2Fnls_cp437%2Fnotes" "Mozilla/5.0 AppleWebKit/537.36 (KHTML, like Gecko; compatible; GPTBot/1.4; +https://openai.com/gptbot)" filmerletravail.org
66.249.68.66 - - [13/Aug/2026:00:49:07 +0200] "GET /film/sweet-sixteen/?edit=%2Fproc%2Fbuddyinfo HTTP/1.1" 200 109740 "-" "Mozilla/5.0 (Linux; Android 6.0.1; Nexus 5X Build/MMB29P) AppleWebKit/537.36 (KHTML, like Gecko) Chrome/150.0.7871.186 Mobile Safari/537.36 (compatible; Googlebot/2.1; +http://www.google.com/bot.html)" filmerletravail.org
216.73.217.64 - - [13/Aug/2026:00:49:09 +0200] "GET /?edit=%2Fproc%2F8%2Fmap_files%2F7f152990f000-7f152992d000 HTTP/1.1" 200 112971 "-" "Mozilla/5.0 AppleWebKit/537.36 (KHTML, like Gecko; compatible; ClaudeBot/1.0; +claudebot@anthropic.com)" filmerletravail.org
44.212.106.171 - - [13/Aug/2026:00:49:10 +0200] "GET /devenir-jure-du-prix-special-du-public-2/?download=/sys/bus/memory_tiering/drivers_autoprobe HTTP/1.1" 200 2 "-" "Mozilla/5.0 AppleWebKit/537.36 (KHTML, like Gecko; compatible; Amazonbot/0.1; +https://developer.amazon.com/support/amazonbot) Chrome/119.0.6045.214 Safari/537.36" filmerletravail.org
66.249.68.65 - - [13/Aug/2026:00:49:10 +0200] "GET /author/archives/page/50/?download=%2Fusr%2Flib%2Ftc%2Fparetonormal.dist HTTP/1.1" 200 23447 "-" "Mozilla/5.0 (Linux; Android 6.0.1; Nexus 5X Build/MMB29P) AppleWebKit/537.36 (KHTML, like Gecko) Chrome/150.0.7871.186 Mobile Safari/537.36 (compatible; GoogleOther)" filmerletravail.org
3.231.193.38 - - [13/Aug/2026:00:49:11 +0200] "GET /palmares-du-festival-2011/embed/%3C?path=/sys/.. HTTP/1.1" 200 110773 "-" "Mozilla/5.0 AppleWebKit/537.36 (KHTML, like Gecko; compatible; Amazonbot/0.1; +https://developer.amazon.com/support/amazonbot) Chrome/119.0.6045.214 Safari/537.36" filmerletravail.org
3.232.82.72 - - [13/Aug/2026:00:49:15 +0200] "GET /wp-content/uploads/2020/02/Table-ronde-des-r?download=/usr/bin/strings HTTP/1.1" 200 31648 "-" "Mozilla/5.0 AppleWebKit/537.36 (KHTML, like Gecko; compatible; Amazonbot/0.1; +https://developer.amazon.com/support/amazonbot) Chrome/119.0.6045.214 Safari/537.36" filmerletravail.org
66.249.68.64 - - [13/Aug/2026:00:49:15 +0200] "GET /film/sweet-sixteen/?path=%2Fproc%2F.. HTTP/1.1" 200 111975 "-" "Mozilla/5.0 (Linux; Android 6.0.1; Nexus 5X Build/MMB29P) AppleWebKit/537.36 (KHTML, like Gecko) Chrome/150.0.7871.186 Mobile Safari/537.36 (compatible; Googlebot/2.1; +http://www.google.com/bot.html)" filmerletravail.org
74.7.243.229 - - [13/Aug/2026:00:49:16 +0200] "GET /?path=%2Fsys%2Fmodule%2Fsha512_generic%2Fnotes HTTP/1.1" 200 111237 "https://filmerletravail.org/?path=%2Fsys%2Fmodule%2Fsha512_generic" "Mozilla/5.0 AppleWebKit/537.36 (KHTML, like Gecko; compatible; GPTBot/1.4; +https://openai.com/gptbot)" filmerletravail.org
74.7.242.4 - - [13/Aug/2026:00:49:17 +0200] "GET /?edit=%2Fsys%2Fmodule%2Fses%2Frefcnt HTTP/1.1" 301 20569 "https://www.filmerletravail.org/?path=%2Fsys%2Fmodule%2Fscsi_transport_sas%2Fholders%2Fses" "Mozilla/5.0 AppleWebKit/537.36 (KHTML, like Gecko; compatible; GPTBot/1.4; +https://openai.com/gptbot)" filmerletravail.org
2001:41d0:303:6f99::1 - - [13/Aug/2026:00:49:18 +0200] "GET /?edit=/sbin/swaplabel HTTP/1.1" 200 9529 "-" "Mozilla/5.0 (compatible; MJ12bot/v1.4.8; http://mj12bot.com/)" filmerletravail.org
66.249.68.64 - - [13/Aug/2026:00:49:18 +0200] "GET /author/archives/page/52/?download=%2Fusr%2Flib%2Fgit-core%2Fmergetools%2Femerge HTTP/1.1" 200 438 "-" "Mozilla/5.0 (Linux; Android 6.0.1; Nexus 5X Build/MMB29P) AppleWebKit/537.36 (KHTML, like Gecko) Chrome/150.0.7871.186 Mobile Safari/537.36 (compatible; GoogleOther)" filmerletravail.org
3.223.134.5 - - [13/Aug/2026:00:49:18 +0200] "GET /wp-content/uploads/2020/02/Plan?download=/opt/php8.2/bin/phar HTTP/1.1" 200 15246 "-" "Mozilla/5.0 AppleWebKit/537.36 (KHTML, like Gecko; compatible; Amazonbot/0.1; +https://developer.amazon.com/support/amazonbot) Chrome/119.0.6045.214 Safari/537.36" filmerletravail.org
